--
-- Host: localhost    Database: readyc12_wp
-- ------------------------------------------------------


--
-- Table structure for table `wp_actionscheduler_actions`
--

CREATE TABLE `wp_actionscheduler_actions` (
  `action_id` bigint(20) unsigned NOT NULL AUTO_INCREMENT,
  `hook` varchar(191) NOT NULL,
  `status` varchar(20) NOT NULL,
  `scheduled_date_gmt` datetime NOT NULL DEFAULT '0000-00-00 00:00:00',
  `scheduled_date_local` datetime NOT NULL DEFAULT '0000-00-00 00:00:00',
  `args` varchar(191) DEFAULT NULL,
  `schedule` longtext DEFAULT NULL,
  `group_id` bigint(20) unsigned NOT NULL DEFAULT 0,
  `attempts` int(11) NOT NULL DEFAULT 0,
  `last_attempt_gmt` datetime NOT NULL DEFAULT '0000-00-00 00:00:00',
  `last_attempt_local` datetime NOT NULL DEFAULT '0000-00-00 00:00:00',
  `claim_id` bigint(20) unsigned NOT NULL DEFAULT 0,
  `extended_args` varchar(8000) DEFAULT NULL,
  PRIMARY KEY (`action_id`),
  KEY `hook` (`hook`),
  KEY `status` (`status`),
  KEY `scheduled_date_gmt` (`scheduled_date_gmt`),
  KEY `args` (`args`),
  KEY `group_id` (`group_id`),
  KEY `last_attempt_gmt` (`last_attempt_gmt`),
  KEY `claim_id` (`claim_id`)
) ENGINE=MyISAM AUTO_INCREMENT=77959 DEFAULT CHARSET=utf8mb4 COLLATE=utf8mb4_unicode_ci;

--
-- Dumping data for table `wp_actionscheduler_actions`
--

INSERT INTO `wp_actionscheduler_actions` VALUES (77913,'wpforms_process_entry_emails_meta_cleanup','complete','2025-06-09 13:16:05','2025-06-09 13:16:05','{\"tasks_meta_id\":1}','O:32:\"ActionScheduler_IntervalSchedule\":5:{s:22:\"\0*\0scheduled_timestamp\";i:1749474965;s:18:\"\0*\0first_timestamp\";i:1622160000;s:13:\"\0*\0recurrence\";i:86400;s:49:\"\0ActionScheduler_IntervalSchedule\0start_timestamp\";i:1749474965;s:53:\"\0ActionScheduler_IntervalSchedule\0interval_in_seconds\";i:86400;}',3,1,'2025-06-09 16:54:47','2025-06-09 16:54:47',0,NULL),(77909,'wpforms_process_entry_emails_meta_cleanup','complete','2025-06-08 00:17:52','2025-06-08 00:17:52','{\"tasks_meta_id\":1}','O:32:\"ActionScheduler_IntervalSchedule\":5:{s:22:\"\0*\0scheduled_timestamp\";i:1749341872;s:18:\"\0*\0first_timestamp\";i:1622160000;s:13:\"\0*\0recurrence\";i:86400;s:49:\"\0ActionScheduler_IntervalSchedule\0start_timestamp\";i:1749341872;s:53:\"\0ActionScheduler_IntervalSchedule\0interval_in_seconds\";i:86400;}',3,1,'2025-06-08 13:16:05','2025-06-08 13:16:05',0,NULL),(77840,'wpforms_admin_addons_cache_update','complete','2025-06-04 00:59:56','2025-06-04 00:59:56','{\"tasks_meta_id\":2}','O:32:\"ActionScheduler_IntervalSchedule\":5:{s:22:\"\0*\0scheduled_timestamp\";i:1748998796;s:18:\"\0*\0first_timestamp\";i:1622682036;s:13:\"\0*\0recurrence\";i:604800;s:49:\"\0ActionScheduler_IntervalSchedule\0start_timestamp\";i:1748998796;s:53:\"\0ActionScheduler_IntervalSchedule\0interval_in_seconds\";i:604800;}',3,1,'2025-06-04 17:15:14','2025-06-04 17:15:14',0,NULL),(77841,'wpforms_email_summaries_fetch_info_blocks','complete','2025-06-04 00:59:56','2025-06-04 00:59:56','{\"tasks_meta_id\":null}','O:32:\"ActionScheduler_IntervalSchedule\":5:{s:22:\"\0*\0scheduled_timestamp\";i:1748998796;s:18:\"\0*\0first_timestamp\";i:1621954357;s:13:\"\0*\0recurrence\";i:604800;s:49:\"\0ActionScheduler_IntervalSchedule\0start_timestamp\";i:1748998796;s:53:\"\0ActionScheduler_IntervalSchedule\0interval_in_seconds\";i:604800;}',3,1,'2025-06-04 17:15:14','2025-06-04 17:15:14',0,NULL),(77844,'wpforms_builder_help_cache_update','complete','2025-06-04 00:59:56','2025-06-04 00:59:56','{\"tasks_meta_id\":4}','O:32:\"ActionScheduler_IntervalSchedule\":5:{s:22:\"\0*\0scheduled_timestamp\";i:1748998796;s:18:\"\0*\0first_timestamp\";i:1622682043;s:13:\"\0*\0recurrence\";i:604800;s:49:\"\0ActionScheduler_IntervalSchedule\0start_timestamp\";i:1748998796;s:53:\"\0ActionScheduler_IntervalSchedule\0interval_in_seconds\";i:604800;}',3,1,'2025-06-04 17:15:14','2025-06-04 17:15:14',0,NULL),(77920,'wpforms_process_entry_emails_meta_cleanup','complete','2025-06-10 16:54:47','2025-06-10 16:54:47','{\"tasks_meta_id\":1}','O:32:\"ActionScheduler_IntervalSchedule\":5:{s:22:\"\0*\0scheduled_timestamp\";i:1749574487;s:18:\"\0*\0first_timestamp\";i:1622160000;s:13:\"\0*\0recurrence\";i:86400;s:49:\"\0ActionScheduler_IntervalSchedule\0start_timestamp\";i:1749574487;s:53:\"\0ActionScheduler_IntervalSchedule\0interval_in_seconds\";i:86400;}',3,1,'2025-06-12 06:42:28','2025-06-12 06:42:28',0,NULL),(77805,'wpforms_admin_addons_cache_update','complete','2025-05-27 13:25:13','2025-05-27 13:25:13','{\"tasks_meta_id\":2}','O:32:\"ActionScheduler_IntervalSchedule\":5:{s:22:\"\0*\0scheduled_timestamp\";i:1748352313;s:18:\"\0*\0first_timestamp\";i:1622682036;s:13:\"\0*\0recurrence\";i:604800;s:49:\"\0ActionScheduler_IntervalSchedule\0start_timestamp\";i:1748352313;s:53:\"\0ActionScheduler_IntervalSchedule\0interval_in_seconds\";i:604800;}',3,1,'2025-05-28 00:59:56','2025-05-28 00:59:56',0,NULL),(77806,'wpforms_email_summaries_fetch_info_blocks','complete','2025-05-27 13:25:14','2025-05-27 13:25:14','{\"tasks_meta_id\":null}','O:32:\"ActionScheduler_IntervalSchedule\":5:{s:22:\"\0*\0scheduled_timestamp\";i:1748352314;s:18:\"\0*\0first_timestamp\";i:1621954357;s:13:\"\0*\0recurrence\";i:604800;s:49:\"\0ActionScheduler_IntervalSchedule\0start_timestamp\";i:1748352314;s:53:\"\0ActionScheduler_IntervalSchedule\0interval_in_seconds\";i:604800;}',3,1,'2025-05-28 00:59:56','2025-05-28 00:59:56',0,NULL),(77946,'wpforms_process_entry_emails_meta_cleanup','complete','2025-06-16 06:18:14','2025-06-16 06:18:14','{\"tasks_meta_id\":1}','O:32:\"ActionScheduler_IntervalSchedule\":5:{s:22:\"\0*\0scheduled_timestamp\";i:1750054694;s:18:\"\0*\0first_timestamp\";i:1622160000;s:13:\"\0*\0recurrence\";i:86400;s:49:\"\0ActionScheduler_IntervalSchedule\0start_timestamp\";i:1750054694;s:53:\"\0ActionScheduler_IntervalSchedule\0interval_in_seconds\";i:86400;}',3,1,'2025-06-16 19:01:43','2025-06-16 19:01:43',0,NULL),(77813,'wpforms_process_entry_emails_meta_cleanup','complete','2025-05-23 01:48:18','2025-05-23 01:48:18','{\"tasks_meta_id\":1}','O:32:\"ActionScheduler_IntervalSchedule\":5:{s:22:\"\0*\0scheduled_timestamp\";i:1747964898;s:18:\"\0*\0first_timestamp\";i:1622160000;s:13:\"\0*\0recurrence\";i:86400;s:49:\"\0ActionScheduler_IntervalSchedule\0start_timestamp\";i:1747964898;s:53:\"\0ActionScheduler_IntervalSchedule\0interval_in_seconds\";i:86400;}',3,1,'2025-05-23 10:47:30','2025-05-23 10:47:30',0,NULL),(77829,'wpforms_process_entry_emails_meta_cleanup','complete','2025-05-25 12:54:02','2025-05-25 12:54:02','{\"tasks_meta_id\":1}','O:32:\"ActionScheduler_IntervalSchedule\":5:{s:22:\"\0*\0scheduled_timestamp\";i:1748177642;s:18:\"\0*\0first_timestamp\";i:1622160000;s:13:\"\0*\0recurrence\";i:86400;s:49:\"\0ActionScheduler_IntervalSchedule\0start_timestamp\";i:1748177642;s:53:\"\0ActionScheduler_IntervalSchedule\0interval_in_seconds\";i:86400;}',3,1,'2025-05-26 00:46:41','2025-05-26 00:46:41',0,NULL),(77868,'wpforms_process_entry_emails_meta_cleanup','complete','2025-06-01 11:50:17','2025-06-01 11:50:17','{\"tasks_meta_id\":1}','O:32:\"ActionScheduler_IntervalSchedule\":5:{s:22:\"\0*\0scheduled_timestamp\";i:1748778617;s:18:\"\0*\0first_timestamp\";i:1622160000;s:13:\"\0*\0recurrence\";i:86400;s:49:\"\0ActionScheduler_IntervalSchedule\0start_timestamp\";i:1748778617;s:53:\"\0ActionScheduler_IntervalSchedule\0interval_in_seconds\";i:86400;}',3,1,'2025-06-01 15:26:46','2025-06-01 15:26:46',0,NULL),(77795,'wpforms_process_entry_emails_meta_cleanup','complete','2025-05-19 18:45:11','2025-05-19 18:45:11','{\"tasks_meta_id\":1}','O:32:\"ActionScheduler_IntervalSchedule\":5:{s:22:\"\0*\0scheduled_timestamp\";i:1747680311;s:18:\"\0*\0first_timestamp\";i:1622160000;s:13:\"\0*\0recurrence\";i:86400;s:49:\"\0ActionScheduler_IntervalSchedule\0start_timestamp\";i:1747680311;s:53:\"\0ActionScheduler_IntervalSchedule\0interval_in_seconds\";i:86400;}',3,1,'2025-05-20 13:25:13','2025-05-20 13:25:13',0,NULL),(77785,'wpforms_process_entry_emails_meta_cleanup','complete','2025-05-18 11:50:22','2025-05-18 11:50:22','{\"tasks_meta_id\":1}','O:32:\"ActionScheduler_IntervalSchedule\":5:{s:22:\"\0*\0scheduled_timestamp\";i:1747569022;s:18:\"\0*\0first_timestamp\";i:1622160000;s:13:\"\0*\0recurrence\";i:86400;s:49:\"\0ActionScheduler_IntervalSchedule\0start_timestamp\";i:1747569022;s:53:\"\0ActionScheduler_IntervalSchedule\0interval_in_seconds\";i:86400;}',3,1,'2025-05-18 18:45:11','2025-05-18 18:45:11',0,NULL),(77803,'wpforms_process_entry_emails_meta_cleanup','complete','2025-05-21 13:25:13','2025-05-21 13:25:13','{\"tasks_meta_id\":1}','O:32:\"ActionScheduler_IntervalSchedule\":5:{s:22:\"\0*\0scheduled_timestamp\";i:1747833913;s:18:\"\0*\0first_timestamp\";i:1622160000;s:13:\"\0*\0recurrence\";i:86400;s:49:\"\0ActionScheduler_IntervalSchedule\0start_timestamp\";i:1747833913;s:53:\"\0ActionScheduler_IntervalSchedule\0interval_in_seconds\";i:86400;}',3,1,'2025-05-22 01:48:18','2025-05-22 01:48:18',0,NULL),(77804,'wpforms_builder_help_cache_update','complete','2025-05-27 13:25:13','2025-05-27 13:25:13','{\"tasks_meta_id\":4}','O:32:\"ActionScheduler_IntervalSchedule\":5:{s:22:\"\0*\0scheduled_timestamp\";i:1748352313;s:18:\"\0*\0first_timestamp\";i:1622682043;s:13:\"\0*\0recurrence\";i:604800;s:49:\"\0ActionScheduler_IntervalSchedule\0start_timestamp\";i:1748352313;s:53:\"\0ActionScheduler_IntervalSchedule\0interval_in_seconds\";i:604800;}',3,1,'2025-05-28 00:59:56','2025-05-28 00:59:56',0,NULL),(77892,'wpforms_admin_addons_cache_update','complete','2025-06-11 17:15:14','2025-06-11 17:15:14','{\"tasks_meta_id\":2}','O:32:\"ActionScheduler_IntervalSchedule\":5:{s:22:\"\0*\0scheduled_timestamp\";i:1749662114;s:18:\"\0*\0first_timestamp\";i:1622682036;s:13:\"\0*\0recurrence\";i:604800;s:49:\"\0ActionScheduler_IntervalSchedule\0start_timestamp\";i:1749662114;s:53:\"\0ActionScheduler_IntervalSchedule\0interval_in_seconds\";i:604800;}',3,1,'2025-06-12 06:42:28','2025-06-12 06:42:28',0,NULL),(77926,'wpforms_process_entry_emails_meta_cleanup','complete','2025-06-13 06:42:28','2025-06-13 06:42:28','{\"tasks_meta_id\":1}','O:32:\"ActionScheduler_IntervalSchedule\":5:{s:22:\"\0*\0scheduled_timestamp\";i:1749796948;s:18:\"\0*\0first_timestamp\";i:1622160000;s:13:\"\0*\0recurrence\";i:86400;s:49:\"\0ActionScheduler_IntervalSchedule\0start_timestamp\";i:1749796948;s:53:\"\0ActionScheduler_IntervalSchedule\0interval_in_seconds\";i:86400;}',3,1,'2025-06-14 01:23:02','2025-06-14 01:23:02',0,NULL),(77882,'wpforms_process_entry_emails_meta_cleanup','complete','2025-06-03 17:03:21','2025-06-03 17:03:21','{\"tasks_meta_id\":1}','O:32:\"ActionScheduler_IntervalSchedule\":5:{s:22:\"\0*\0scheduled_timestamp\";i:1748970201;s:18:\"\0*\0first_timestamp\";i:1622160000;s:13:\"\0*\0recurrence\";i:86400;s:49:\"\0ActionScheduler_IntervalSchedule\0start_timestamp\";i:1748970201;s:53:\"\0ActionScheduler_IntervalSchedule\0interval_in_seconds\";i:86400;}',3,1,'2025-06-03 20:36:31','2025-06-03 20:36:31',0,NULL),(77888,'wpforms_process_entry_emails_meta_cleanup','complete','2025-06-04 20:36:31','2025-06-04 20:36:31','{\"tasks_meta_id\":1}','O:32:\"ActionScheduler_IntervalSchedule\":5:{s:22:\"\0*\0scheduled_timestamp\";i:1749069391;s:18:\"\0*\0first_timestamp\";i:1622160000;s:13:\"\0*\0recurrence\";i:86400;s:49:\"\0ActionScheduler_IntervalSchedule\0start_timestamp\";i:1749069391;s:53:\"\0ActionScheduler_IntervalSchedule\0interval_in_seconds\";i:86400;}',3,1,'2025-06-05 00:54:29','2025-06-05 00:54:29',0,NULL),(77899,'wpforms_process_entry_emails_meta_cleanup','complete','2025-06-06 00:54:29','2025-06-06 00:54:29','{\"tasks_meta_id\":1}','O:32:\"ActionScheduler_IntervalSchedule\":5:{s:22:\"\0*\0scheduled_timestamp\";i:1749171269;s:18:\"\0*\0first_timestamp\";i:1622160000;s:13:\"\0*\0recurrence\";i:86400;s:49:\"\0ActionScheduler_IntervalSchedule\0start_timestamp\";i:1749171269;s:53:\"\0ActionScheduler_IntervalSchedule\0interval_in_seconds\";i:86400;}',3,1,'2025-06-07 00:17:52','2025-06-07 00:17:52',0,NULL),(77747,'wpforms_builder_help_cache_update','complete','2025-05-19 10:04:23','2025-05-19 10:04:23','{\"tasks_meta_id\":4}','O:32:\"ActionScheduler_IntervalSchedule\":5:{s:22:\"\0*\0scheduled_timestamp\";i:1747649063;s:18:\"\0*\0first_timestamp\";i:1622682043;s:13:\"\0*\0recurrence\";i:604800;s:49:\"\0ActionScheduler_IntervalSchedule\0start_timestamp\";i:1747649063;s:53:\"\0ActionScheduler_IntervalSchedule\0interval_in_seconds\";i:604800;}',3,1,'2025-05-20 13:25:13','2025-05-20 13:25:13',0,NULL),(77748,'wpforms_admin_addons_cache_update','complete','2025-05-19 10:04:24','2025-05-19 10:04:24','{\"tasks_meta_id\":2}','O:32:\"ActionScheduler_IntervalSchedule\":5:{s:22:\"\0*\0scheduled_timestamp\";i:1747649064;s:18:\"\0*\0first_timestamp\";i:1622682036;s:13:\"\0*\0recurrence\";i:604800;s:49:\"\0ActionScheduler_IntervalSchedule\0start_timestamp\";i:1747649064;s:53:\"\0ActionScheduler_IntervalSchedule\0interval_in_seconds\";i:604800;}',3,1,'2025-05-20 13:25:13','2025-05-20 13:25:13',0,NULL),(77820,'wpforms_process_entry_emails_meta_cleanup','complete','2025-05-24 10:47:30','2025-05-24 10:47:30','{\"tasks_meta_id\":1}','O:32:\"ActionScheduler_IntervalSchedule\":5:{s:22:\"\0*\0scheduled_timestamp\";i:1748083650;s:18:\"\0*\0first_timestamp\";i:1622160000;s:13:\"\0*\0recurrence\";i:86400;s:49:\"\0ActionScheduler_IntervalSchedule\0start_timestamp\";i:1748083650;s:53:\"\0ActionScheduler_IntervalSchedule\0interval_in_seconds\";i:86400;}',3,1,'2025-05-24 12:54:02','2025-05-24 12:54:02',0,NULL),(77894,'wpforms_builder_help_cache_update','complete','2025-06-11 17:15:14','2025-06-11 17:15:14','{\"tasks_meta_id\":4}','O:32:\"ActionScheduler_IntervalSchedule\":5:{s:22:\"\0*\0scheduled_timestamp\";i:1749662114;s:18:\"\0*\0first_timestamp\";i:1622682043;s:13:\"\0*\0recurrence\";i:604800;s:49:\"\0ActionScheduler_IntervalSchedule\0start_timestamp\";i:1749662114;s:53:\"\0ActionScheduler_IntervalSchedule\0interval_in_seconds\";i:604800;}',3,1,'2025-06-12 06:42:28','2025-06-12 06:42:28',0,NULL),(77893,'wpforms_email_summaries_fetch_info_blocks','complete','2025-06-11 17:15:14','2025-06-11 17:15:14','{\"tasks_meta_id\":null}','O:32:\"ActionScheduler_IntervalSchedule\":5:{s:22:\"\0*\0scheduled_timestamp\";i:1749662114;s:18:\"\0*\0first_timestamp\";i:1621954357;s:13:\"\0*\0recurrence\";i:604800;s:49:\"\0ActionScheduler_IntervalSchedule\0start_timestamp\";i:1749662114;s:53:\"\0ActionScheduler_IntervalSchedule\0interval_in_seconds\";i:604800;}',3,1,'2025-06-12 06:42:28','2025-06-12 06:42:28',0,NULL),(77848,'wpforms_process_entry_emails_meta_cleanup','complete','2025-05-29 00:59:56','2025-05-29 00:59:56','{\"tasks_meta_id\":1}','O:32:\"ActionScheduler_IntervalSchedule\":5:{s:22:\"\0*\0scheduled_timestamp\";i:1748480396;s:18:\"\0*\0first_timestamp\";i:1622160000;s:13:\"\0*\0recurrence\";i:86400;s:49:\"\0ActionScheduler_IntervalSchedule\0start_timestamp\";i:1748480396;s:53:\"\0ActionScheduler_IntervalSchedule\0interval_in_seconds\";i:86400;}',3,1,'2025-05-30 03:55:48','2025-05-30 03:55:48',0,NULL),(77931,'wpforms_builder_help_cache_update','pending','2025-06-19 06:42:28','2025-06-19 06:42:28','{\"tasks_meta_id\":4}','O:32:\"ActionScheduler_IntervalSchedule\":5:{s:22:\"\0*\0scheduled_timestamp\";i:1750315348;s:18:\"\0*\0first_timestamp\";i:1622682043;s:13:\"\0*\0recurrence\";i:604800;s:49:\"\0ActionScheduler_IntervalSchedule\0start_timestamp\";i:1750315348;s:53:\"\0ActionScheduler_IntervalSchedule\0interval_in_seconds\";i:604800;}',3,0,'0000-00-00 00:00:00','0000-00-00 00:00:00',0,NULL),(77932,'wpforms_email_summaries_fetch_info_blocks','pending','2025-06-19 06:42:28','2025-06-19 06:42:28','{\"tasks_meta_id\":null}','O:32:\"ActionScheduler_IntervalSchedule\":5:{s:22:\"\0*\0scheduled_timestamp\";i:1750315348;s:18:\"\0*\0first_timestamp\";i:1621954357;s:13:\"\0*\0recurrence\";i:604800;s:49:\"\0ActionScheduler_IntervalSchedule\0start_timestamp\";i:1750315348;s:53:\"\0ActionScheduler_IntervalSchedule\0interval_in_seconds\";i:604800;}',3,0,'0000-00-00 00:00:00','0000-00-00 00:00:00',0,NULL),(77951,'aioseo_admin_notifications_update','pending','2025-06-17 19:01:43','2025-06-17 19:01:43','[]','O:32:\"ActionScheduler_IntervalSchedule\":5:{s:22:\"\0*\0scheduled_timestamp\";i:1750186903;s:18:\"\0*\0first_timestamp\";i:1622077200;s:13:\"\0*\0recurrence\";i:86400;s:49:\"\0ActionScheduler_IntervalSchedule\0start_timestamp\";i:1750186903;s:53:\"\0ActionScheduler_IntervalSchedule\0interval_in_seconds\";i:86400;}',1,0,'0000-00-00 00:00:00','0000-00-00 00:00:00',0,NULL),(77749,'wpforms_email_summaries_fetch_info_blocks','complete','2025-05-19 10:04:24','2025-05-19 10:04:24','{\"tasks_meta_id\":null}','O:32:\"ActionScheduler_IntervalSchedule\":5:{s:22:\"\0*\0scheduled_timestamp\";i:1747649064;s:18:\"\0*\0first_timestamp\";i:1621954357;s:13:\"\0*\0recurrence\";i:604800;s:49:\"\0ActionScheduler_IntervalSchedule\0start_timestamp\";i:1747649064;s:53:\"\0ActionScheduler_IntervalSchedule\0interval_in_seconds\";i:604800;}',3,1,'2025-05-20 13:25:14','2025-05-20 13:25:14',0,NULL),(77937,'wpforms_process_entry_emails_meta_cleanup','complete','2025-06-15 01:23:02','2025-06-15 01:23:02','{\"tasks_meta_id\":1}','O:32:\"ActionScheduler_IntervalSchedule\":5:{s:22:\"\0*\0scheduled_timestamp\";i:1749950582;s:18:\"\0*\0first_timestamp\";i:1622160000;s:13:\"\0*\0recurrence\";i:86400;s:49:\"\0ActionScheduler_IntervalSchedule\0start_timestamp\";i:1749950582;s:53:\"\0ActionScheduler_IntervalSchedule\0interval_in_seconds\";i:86400;}',3,1,'2025-06-15 06:18:14','2025-06-15 06:18:14',0,NULL),(77950,'wpforms_process_entry_emails_meta_cleanup','pending','2025-06-17 19:01:43','2025-06-17 19:01:43','{\"tasks_meta_id\":1}','O:32:\"ActionScheduler_IntervalSchedule\":5:{s:22:\"\0*\0scheduled_timestamp\";i:1750186903;s:18:\"\0*\0first_timestamp\";i:1622160000;s:13:\"\0*\0recurrence\";i:86400;s:49:\"\0ActionScheduler_IntervalSchedule\0start_timestamp\";i:1750186903;s:53:\"\0ActionScheduler_IntervalSchedule\0interval_in_seconds\";i:86400;}',3,0,'0000-00-00 00:00:00','0000-00-00 00:00:00',0,NULL),(77954,'aioseo_cleanup_action_scheduler','pending','2025-06-17 19:01:43','2025-06-17 19:01:43','[]','O:32:\"ActionScheduler_IntervalSchedule\":5:{s:22:\"\0*\0scheduled_timestamp\";i:1750186903;s:18:\"\0*\0first_timestamp\";i:1622146692;s:13:\"\0*\0recurrence\";i:86400;s:49:\"\0ActionScheduler_IntervalSchedule\0start_timestamp\";i:1750186903;s:53:\"\0ActionScheduler_IntervalSchedule\0interval_in_seconds\";i:86400;}',1,0,'0000-00-00 00:00:00','0000-00-00 00:00:00',0,NULL),(77929,'wpforms_admin_addons_cache_update','pending','2025-06-19 06:42:28','2025-06-19 06:42:28','{\"tasks_meta_id\":2}','O:32:\"ActionScheduler_IntervalSchedule\":5:{s:22:\"\0*\0scheduled_timestamp\";i:1750315348;s:18:\"\0*\0first_timestamp\";i:1622682036;s:13:\"\0*\0recurrence\";i:604800;s:49:\"\0ActionScheduler_IntervalSchedule\0start_timestamp\";i:1750315348;s:53:\"\0ActionScheduler_IntervalSchedule\0interval_in_seconds\";i:604800;}',3,0,'0000-00-00 00:00:00','0000-00-00 00:00:00',0,NULL),(77956,'aioseo_image_sitemap_scan','complete','2025-06-17 10:41:58','2025-06-17 10:41:58','[]','O:30:\"ActionScheduler_SimpleSchedule\":2:{s:22:\"\0*\0scheduled_timestamp\";i:1750156918;s:41:\"\0ActionScheduler_SimpleSchedule\0timestamp\";i:1750156918;}',1,1,'2025-06-17 11:05:20','2025-06-17 11:05:20',0,NULL),(77957,'aioseo_image_sitemap_scan','complete','2025-06-17 11:20:20','2025-06-17 11:20:20','[]','O:30:\"ActionScheduler_SimpleSchedule\":2:{s:22:\"\0*\0scheduled_timestamp\";i:1750159220;s:41:\"\0ActionScheduler_SimpleSchedule\0timestamp\";i:1750159220;}',1,1,'2025-06-17 12:42:04','2025-06-17 12:42:04',0,NULL),(77955,'aioseo_image_sitemap_scan','complete','2025-06-16 19:16:43','2025-06-16 19:16:43','[]','O:30:\"ActionScheduler_SimpleSchedule\":2:{s:22:\"\0*\0scheduled_timestamp\";i:1750101403;s:41:\"\0ActionScheduler_SimpleSchedule\0timestamp\";i:1750101403;}',1,1,'2025-06-17 10:26:58','2025-06-17 10:26:58',0,NULL),(77953,'aioseo_admin_notifications_update','pending','2025-06-17 19:01:43','2025-06-17 19:01:43','[]','O:32:\"ActionScheduler_IntervalSchedule\":5:{s:22:\"\0*\0scheduled_timestamp\";i:1750186903;s:18:\"\0*\0first_timestamp\";i:1627693200;s:13:\"\0*\0recurrence\";i:86400;s:49:\"\0ActionScheduler_IntervalSchedule\0start_timestamp\";i:1750186903;s:53:\"\0ActionScheduler_IntervalSchedule\0interval_in_seconds\";i:86400;}',1,0,'0000-00-00 00:00:00','0000-00-00 00:00:00',0,NULL),(77945,'aioseo_cleanup_action_scheduler','complete','2025-06-16 06:18:14','2025-06-16 06:18:14','[]','O:32:\"ActionScheduler_IntervalSchedule\":5:{s:22:\"\0*\0scheduled_timestamp\";i:1750054694;s:18:\"\0*\0first_timestamp\";i:1622146692;s:13:\"\0*\0recurrence\";i:86400;s:49:\"\0ActionScheduler_IntervalSchedule\0start_timestamp\";i:1750054694;s:53:\"\0ActionScheduler_IntervalSchedule\0interval_in_seconds\";i:86400;}',1,1,'2025-06-16 19:01:43','2025-06-16 19:01:43',0,NULL),(77952,'aioseo_cleanup_action_scheduler','pending','2025-06-17 19:01:43','2025-06-17 19:01:43','[]','O:32:\"ActionScheduler_IntervalSchedule\":5:{s:22:\"\0*\0scheduled_timestamp\";i:1750186903;s:18:\"\0*\0first_timestamp\";i:1685593490;s:13:\"\0*\0recurrence\";i:86400;s:49:\"\0ActionScheduler_IntervalSchedule\0start_timestamp\";i:1750186903;s:53:\"\0ActionScheduler_IntervalSchedule\0interval_in_seconds\";i:86400;}',1,0,'0000-00-00 00:00:00','0000-00-00 00:00:00',0,NULL),(77949,'aioseo_image_sitemap_scan','complete','2025-06-15 14:57:27','2025-06-15 14:57:27','[]','O:30:\"ActionScheduler_SimpleSchedule\":2:{s:22:\"\0*\0scheduled_timestamp\";i:1749999447;s:41:\"\0ActionScheduler_SimpleSchedule\0timestamp\";i:1749999447;}',1,1,'2025-06-16 19:01:43','2025-06-16 19:01:43',0,NULL),(77958,'aioseo_image_sitemap_scan','pending','2025-06-17 12:57:04','2025-06-17 12:57:04','[]','O:30:\"ActionScheduler_SimpleSchedule\":2:{s:22:\"\0*\0scheduled_timestamp\";i:1750165024;s:41:\"\0ActionScheduler_SimpleSchedule\0timestamp\";i:1750165024;}',1,0,'0000-00-00 00:00:00','0000-00-00 00:00:00',0,NULL),(77871,'wpforms_process_entry_emails_meta_cleanup','complete','2025-06-02 15:26:46','2025-06-02 15:26:46','{\"tasks_meta_id\":1}','O:32:\"ActionScheduler_IntervalSchedule\":5:{s:22:\"\0*\0scheduled_timestamp\";i:1748878006;s:18:\"\0*\0first_timestamp\";i:1622160000;s:13:\"\0*\0recurrence\";i:86400;s:49:\"\0ActionScheduler_IntervalSchedule\0start_timestamp\";i:1748878006;s:53:\"\0ActionScheduler_IntervalSchedule\0interval_in_seconds\";i:86400;}',3,1,'2025-06-02 17:03:21','2025-06-02 17:03:21',0,NULL),(77836,'wpforms_process_entry_emails_meta_cleanup','complete','2025-05-27 00:46:41','2025-05-27 00:46:41','{\"tasks_meta_id\":1}','O:32:\"ActionScheduler_IntervalSchedule\":5:{s:22:\"\0*\0scheduled_timestamp\";i:1748306801;s:18:\"\0*\0first_timestamp\";i:1622160000;s:13:\"\0*\0recurrence\";i:86400;s:49:\"\0ActionScheduler_IntervalSchedule\0start_timestamp\";i:1748306801;s:53:\"\0ActionScheduler_IntervalSchedule\0interval_in_seconds\";i:86400;}',3,1,'2025-05-28 00:59:56','2025-05-28 00:59:56',0,NULL),(77857,'wpforms_process_entry_emails_meta_cleanup','complete','2025-05-31 03:55:48','2025-05-31 03:55:48','{\"tasks_meta_id\":1}','O:32:\"ActionScheduler_IntervalSchedule\":5:{s:22:\"\0*\0scheduled_timestamp\";i:1748663748;s:18:\"\0*\0first_timestamp\";i:1622160000;s:13:\"\0*\0recurrence\";i:86400;s:49:\"\0ActionScheduler_IntervalSchedule\0start_timestamp\";i:1748663748;s:53:\"\0ActionScheduler_IntervalSchedule\0interval_in_seconds\";i:86400;}',3,1,'2025-05-31 11:50:17','2025-05-31 11:50:17',0,NULL);

--
-- Table structure for table `wp_actionscheduler_claims`
--

CREATE TABLE `wp_actionscheduler_claims` (
  `claim_id` bigint(20) unsigned NOT NULL AUTO_INCREMENT,
  `date_created_gmt` datetime NOT NULL DEFAULT '0000-00-00 00:00:00',
  PRIMARY KEY (`claim_id`),
  KEY `date_created_gmt` (`date_created_gmt`)
) ENGINE=MyISAM AUTO_INCREMENT=307515 DEFAULT CHARSET=utf8mb4 COLLATE=utf8mb4_unicode_ci;

--
-- Dumping data for table `wp_actionscheduler_claims`
--


--
-- Table structure for table `wp_actionscheduler_groups`
--

CREATE TABLE `wp_actionscheduler_groups` (
  `group_id` bigint(20) unsigned NOT NULL AUTO_INCREMENT,
  `slug` varchar(255) NOT NULL,
  PRIMARY KEY (`group_id`),
  KEY `slug` (`slug`(191))
) ENGINE=MyISAM AUTO_INCREMENT=4 DEFAULT CHARSET=utf8mb4 COLLATE=utf8mb4_unicode_ci;

--
-- Dumping data for table `wp_actionscheduler_groups`
--

INSERT INTO `wp_actionscheduler_groups` VALUES (1,'aioseo'),(2,'action-scheduler-migration'),(3,'wpforms');

--
-- Table structure for table `wp_actionscheduler_logs`
--

CREATE TABLE `wp_actionscheduler_logs` (
  `log_id` bigint(20) unsigned NOT NULL AUTO_INCREMENT,
  `action_id` bigint(20) unsigned NOT NULL,
  `message` text NOT NULL,
  `log_date_gmt` datetime NOT NULL DEFAULT '0000-00-00 00:00:00',
  `log_date_local` datetime NOT NULL DEFAULT '0000-00-00 00:00:00',
  PRIMARY KEY (`log_id`),
  KEY `action_id` (`action_id`),
  KEY `log_date_gmt` (`log_date_gmt`)
) ENGINE=MyISAM AUTO_INCREMENT=232522 DEFAULT CHARSET=utf8mb4 COLLATE=utf8mb4_unicode_ci;

--
-- Dumping data for table `wp_actionscheduler_logs`
--

INSERT INTO `wp_actionscheduler_logs` VALUES (232063,77749,'action started via Async Request','2025-05-20 13:25:13','2025-05-20 13:25:13'),(232064,77749,'action complete via Async Request','2025-05-20 13:25:14','2025-05-20 13:25:14'),(232065,77806,'action created','2025-05-20 13:25:14','2025-05-20 13:25:14'),(232456,77926,'action started via Async Request','2025-06-14 01:23:02','2025-06-14 01:23:02'),(232493,77949,'action created','2025-06-15 14:42:27','2025-06-15 14:42:27'),(232513,77955,'action started via Async Request','2025-06-17 10:26:58','2025-06-17 10:26:58'),(232514,77956,'action created','2025-06-17 10:26:58','2025-06-17 10:26:58'),(232515,77955,'action complete via Async Request','2025-06-17 10:26:58','2025-06-17 10:26:58'),(232058,77747,'action complete via Async Request','2025-05-20 13:25:13','2025-05-20 13:25:13'),(232059,77804,'action created','2025-05-20 13:25:13','2025-05-20 13:25:13'),(232105,77813,'action started via Async Request','2025-05-23 10:47:30','2025-05-23 10:47:30'),(232106,77813,'action complete via Async Request','2025-05-23 10:47:30','2025-05-23 10:47:30'),(232107,77820,'action created','2025-05-23 10:47:30','2025-05-23 10:47:30'),(232344,77899,'action created','2025-06-05 00:54:29','2025-06-05 00:54:29'),(232343,77888,'action complete via Async Request','2025-06-05 00:54:29','2025-06-05 00:54:29'),(232342,77888,'action started via Async Request','2025-06-05 00:54:29','2025-06-05 00:54:29'),(232309,77882,'action started via Async Request','2025-06-03 20:36:31','2025-06-03 20:36:31'),(232310,77882,'action complete via Async Request','2025-06-03 20:36:31','2025-06-03 20:36:31'),(232311,77888,'action created','2025-06-03 20:36:31','2025-06-03 20:36:31'),(232321,77840,'action started via Async Request','2025-06-04 17:15:14','2025-06-04 17:15:14'),(232322,77840,'action complete via Async Request','2025-06-04 17:15:14','2025-06-04 17:15:14'),(232323,77892,'action created','2025-06-04 17:15:14','2025-06-04 17:15:14'),(232324,77841,'action started via Async Request','2025-06-04 17:15:14','2025-06-04 17:15:14'),(232325,77841,'action complete via Async Request','2025-06-04 17:15:14','2025-06-04 17:15:14'),(232326,77893,'action created','2025-06-04 17:15:14','2025-06-04 17:15:14'),(232327,77844,'action started via Async Request','2025-06-04 17:15:14','2025-06-04 17:15:14'),(232328,77844,'action complete via Async Request','2025-06-04 17:15:14','2025-06-04 17:15:14'),(232406,77913,'action complete via Async Request','2025-06-09 16:54:47','2025-06-09 16:54:47'),(232385,77909,'action complete via Async Request','2025-06-08 13:16:05','2025-06-08 13:16:05'),(232386,77913,'action created','2025-06-08 13:16:05','2025-06-08 13:16:05'),(232407,77920,'action created','2025-06-09 16:54:47','2025-06-09 16:54:47'),(232293,77882,'action created','2025-06-02 17:03:21','2025-06-02 17:03:21'),(232165,77805,'action started via Async Request','2025-05-28 00:59:56','2025-05-28 00:59:56'),(232166,77805,'action complete via Async Request','2025-05-28 00:59:56','2025-05-28 00:59:56'),(232167,77840,'action created','2025-05-28 00:59:56','2025-05-28 00:59:56'),(232168,77806,'action started via Async Request','2025-05-28 00:59:56','2025-05-28 00:59:56'),(232169,77806,'action complete via Async Request','2025-05-28 00:59:56','2025-05-28 00:59:56'),(232170,77841,'action created','2025-05-28 00:59:56','2025-05-28 00:59:56'),(232189,77836,'action started via Async Request','2025-05-28 00:59:56','2025-05-28 00:59:56'),(232190,77836,'action complete via Async Request','2025-05-28 00:59:56','2025-05-28 00:59:56'),(232191,77848,'action created','2025-05-28 00:59:56','2025-05-28 00:59:56'),(232216,77848,'action started via Async Request','2025-05-30 03:55:48','2025-05-30 03:55:48'),(232217,77848,'action complete via Async Request','2025-05-30 03:55:48','2025-05-30 03:55:48'),(232218,77857,'action created','2025-05-30 03:55:48','2025-05-30 03:55:48'),(232438,77894,'action started via Async Request','2025-06-12 06:42:28','2025-06-12 06:42:28'),(232405,77913,'action started via Async Request','2025-06-09 16:54:47','2025-06-09 16:54:47'),(232439,77894,'action complete via Async Request','2025-06-12 06:42:28','2025-06-12 06:42:28'),(232440,77931,'action created','2025-06-12 06:42:28','2025-06-12 06:42:28'),(232441,77893,'action started via Async Request','2025-06-12 06:42:28','2025-06-12 06:42:28'),(232442,77893,'action complete via Async Request','2025-06-12 06:42:28','2025-06-12 06:42:28'),(232443,77932,'action created','2025-06-12 06:42:28','2025-06-12 06:42:28'),(232519,77957,'action started via Async Request','2025-06-17 12:42:04','2025-06-17 12:42:04'),(232521,77957,'action complete via Async Request','2025-06-17 12:42:04','2025-06-17 12:42:04'),(232002,77785,'action created','2025-05-17 11:50:22','2025-05-17 11:50:22'),(232054,77795,'action started via Async Request','2025-05-20 13:25:13','2025-05-20 13:25:13'),(232055,77795,'action complete via Async Request','2025-05-20 13:25:13','2025-05-20 13:25:13'),(232056,77803,'action created','2025-05-20 13:25:13','2025-05-20 13:25:13'),(232057,77747,'action started via Async Request','2025-05-20 13:25:13','2025-05-20 13:25:13'),(232177,77804,'action started via Async Request','2025-05-28 00:59:56','2025-05-28 00:59:56'),(232178,77804,'action complete via Async Request','2025-05-28 00:59:56','2025-05-28 00:59:56'),(232179,77844,'action created','2025-05-28 00:59:56','2025-05-28 00:59:56'),(232155,77836,'action created','2025-05-26 00:46:41','2025-05-26 00:46:41'),(232373,77899,'action complete via Async Request','2025-06-07 00:17:52','2025-06-07 00:17:52'),(232374,77909,'action created','2025-06-07 00:17:52','2025-06-07 00:17:52'),(232260,77871,'action created','2025-06-01 15:26:46','2025-06-01 15:26:46'),(232292,77871,'action complete via Async Request','2025-06-02 17:03:21','2025-06-02 17:03:21'),(232291,77871,'action started via Async Request','2025-06-02 17:03:21','2025-06-02 17:03:21'),(232259,77868,'action complete via Async Request','2025-06-01 15:26:46','2025-06-01 15:26:46'),(231888,77747,'action created','2025-05-12 10:04:23','2025-05-12 10:04:23'),(231891,77748,'action created','2025-05-12 10:04:24','2025-05-12 10:04:24'),(231894,77749,'action created','2025-05-12 10:04:24','2025-05-12 10:04:24'),(232251,77868,'action created','2025-05-31 11:50:17','2025-05-31 11:50:17'),(232258,77868,'action started via Async Request','2025-06-01 15:26:46','2025-06-01 15:26:46'),(232134,77829,'action created','2025-05-24 12:54:02','2025-05-24 12:54:02'),(232132,77820,'action started via Async Request','2025-05-24 12:54:02','2025-05-24 12:54:02'),(232133,77820,'action complete via Async Request','2025-05-24 12:54:02','2025-05-24 12:54:02'),(232084,77803,'action started via Async Request','2025-05-22 01:48:18','2025-05-22 01:48:18'),(232085,77803,'action complete via Async Request','2025-05-22 01:48:18','2025-05-22 01:48:18'),(232086,77813,'action created','2025-05-22 01:48:18','2025-05-22 01:48:18'),(232500,77951,'action created','2025-06-16 19:01:43','2025-06-16 19:01:43'),(232520,77958,'action created','2025-06-17 12:42:04','2025-06-17 12:42:04'),(232250,77857,'action complete via Async Request','2025-05-31 11:50:17','2025-05-31 11:50:17'),(232249,77857,'action started via Async Request','2025-05-31 11:50:17','2025-05-31 11:50:17'),(232329,77894,'action created','2025-06-04 17:15:14','2025-06-04 17:15:14'),(232372,77899,'action started via Async Request','2025-06-07 00:17:52','2025-06-07 00:17:52'),(232457,77926,'action complete via Async Request','2025-06-14 01:23:02','2025-06-14 01:23:02'),(232458,77937,'action created','2025-06-14 01:23:02','2025-06-14 01:23:02'),(232485,77946,'action created','2025-06-15 06:18:14','2025-06-15 06:18:14'),(232154,77829,'action complete via Async Request','2025-05-26 00:46:41','2025-05-26 00:46:41'),(232423,77920,'action started via Async Request','2025-06-12 06:42:28','2025-06-12 06:42:28'),(232424,77920,'action complete via Async Request','2025-06-12 06:42:28','2025-06-12 06:42:28'),(232425,77926,'action created','2025-06-12 06:42:28','2025-06-12 06:42:28'),(232032,77795,'action created','2025-05-18 18:45:11','2025-05-18 18:45:11'),(232434,77929,'action created','2025-06-12 06:42:28','2025-06-12 06:42:28'),(232060,77748,'action started via Async Request','2025-05-20 13:25:13','2025-05-20 13:25:13'),(232061,77748,'action complete via Async Request','2025-05-20 13:25:13','2025-05-20 13:25:13'),(232433,77892,'action complete via Async Request','2025-06-12 06:42:28','2025-06-12 06:42:28'),(232031,77785,'action complete via Async Request','2025-05-18 18:45:11','2025-05-18 18:45:11'),(232062,77805,'action created','2025-05-20 13:25:13','2025-05-20 13:25:13'),(232030,77785,'action started via Async Request','2025-05-18 18:45:11','2025-05-18 18:45:11'),(232153,77829,'action started via Async Request','2025-05-26 00:46:41','2025-05-26 00:46:41'),(232384,77909,'action started via Async Request','2025-06-08 13:16:05','2025-06-08 13:16:05'),(232495,77946,'action started via Async Request','2025-06-16 19:01:43','2025-06-16 19:01:43'),(232496,77946,'action complete via Async Request','2025-06-16 19:01:43','2025-06-16 19:01:43'),(232497,77950,'action created','2025-06-16 19:01:43','2025-06-16 19:01:43'),(232507,77945,'action started via Async Request','2025-06-16 19:01:43','2025-06-16 19:01:43'),(232516,77956,'action started via Async Request','2025-06-17 11:05:20','2025-06-17 11:05:20'),(232517,77957,'action created','2025-06-17 11:05:20','2025-06-17 11:05:20'),(232518,77956,'action complete via Async Request','2025-06-17 11:05:20','2025-06-17 11:05:20'),(232512,77949,'action complete via Async Request','2025-06-16 19:01:43','2025-06-16 19:01:43'),(232484,77937,'action complete via Async Request','2025-06-15 06:18:14','2025-06-15 06:18:14'),(232483,77937,'action started via Async Request','2025-06-15 06:18:14','2025-06-15 06:18:14'),(232432,77892,'action started via Async Request','2025-06-12 06:42:28','2025-06-12 06:42:28'),(232511,77955,'action created','2025-06-16 19:01:43','2025-06-16 19:01:43'),(232506,77953,'action created','2025-06-16 19:01:43','2025-06-16 19:01:43'),(232510,77949,'action started via Async Request','2025-06-16 19:01:43','2025-06-16 19:01:43'),(232503,77952,'action created','2025-06-16 19:01:43','2025-06-16 19:01:43'),(232509,77954,'action created','2025-06-16 19:01:43','2025-06-16 19:01:43'),(232482,77945,'action created','2025-06-15 06:18:14','2025-06-15 06:18:14'),(232508,77945,'action complete via Async Request','2025-06-16 19:01:43','2025-06-16 19:01:43');

--
-- Table structure for table `wp_aioseo_notifications`
--

CREATE TABLE `wp_aioseo_notifications` (
  `id` bigint(20) unsigned NOT NULL AUTO_INCREMENT,
  `slug` varchar(13) NOT NULL,
  `title` text NOT NULL,
  `content` longtext NOT NULL,
  `type` varchar(64) NOT NULL,
  `level` text NOT NULL,
  `notification_id` bigint(20) unsigned DEFAULT NULL,
  `notification_name` varchar(255) DEFAULT NULL,
  `start` datetime DEFAULT NULL,
  `end` datetime DEFAULT NULL,
  `button1_label` varchar(255) DEFAULT NULL,
  `button1_action` varchar(255) DEFAULT NULL,
  `button2_label` varchar(255) DEFAULT NULL,
  `button2_action` varchar(255) DEFAULT NULL,
  `dismissed` tinyint(1) NOT NULL DEFAULT 0,
  `created` datetime NOT NULL,
  `updated` datetime NOT NULL,
  PRIMARY KEY (`id`),
  UNIQUE KEY `ndx_aioseo_notifications_slug` (`slug`),
  KEY `ndx_aioseo_notifications_dates` (`start`,`end`),
  KEY `ndx_aioseo_notifications_type` (`type`),
  KEY `ndx_aioseo_notifications_dismissed` (`dismissed`)
) ENGINE=MyISAM AUTO_INCREMENT=11135 DEFAULT CHARSET=utf8mb4 COLLATE=utf8mb4_unicode_ci;

--
-- Dumping data for table `wp_aioseo_notifications`
--

INSERT INTO `wp_aioseo_notifications` VALUES (1,'60aead21a7ecd','Static sitemap files detected','AIOSEO has detected static sitemap files in the root folder of your WordPress installation.\n				As long as these files are present, AIOSEO is not able to dynamically generate your sitemap.','error','[\"all\"]',NULL,'sitemap-static-files','2021-05-26 20:18:41',NULL,'Delete Static Files','http://action#sitemap/delete-static-files',NULL,NULL,0,'2021-05-26 20:18:41','2021-05-26 20:18:41'),(326,'613a315a5d7a7','📣 Introducing Local SEO Map Embeds!','Now it\'s easy to add multiple locations and embed a custom Google Map on your website!\r\n<br /><br />\r\nEnter your address or drop a pin on your precise location, then choose from 4 different map styles.\r\n<br /><br />\r\nPlus, get access to SEO pro tips in your editor sidebar so you can make sure each post is fully optimized.\r\n<br /><br />\r\nTo get full access to our Pro features, upgrade your license today and save 50% OFF.','success','[\"4-x\",\"lite\"]',92,NULL,'2021-09-07 00:00:00',NULL,'Learn More','https://aioseo.com/announcing-local-seo-map-embeds/?utm_source=WordPress&utm_campaign=introducing-local-seo-maps-v4-lite&utm_medium=plugin-notification&utm_content=Learn More','Get AIOSEO Pro','https://aioseo.com/pricing/?utm_source=WordPress&utm_campaign=introducing-local-seo-maps-v4-lite&utm_medium=plugin-notification&utm_content=Get AIOSEO Pro',0,'2021-09-09 16:07:54','2021-11-02 05:42:51'),(102,'60d460d10ed32','⚡ [LAST CHANCE] - 60% OFF AIOSEO ⚡','We’re celebrating our 14th anniversary by offering you a <strong>huge 60% discount for a limited time!</strong> If you want to optimize your site on Google, this is your last chance to update your AIOSEO plan without the high costs.\r\n<br /><br />\r\nUnlock powerful features like <strong>Local SEO Module, Image SEO Module, 301 Redirects, 404 Error Tracking, Custom Breadcrumbs, Smart Schema Markup</strong>, and more…\r\n<br /><br />','success','[\"4-x\",\"lite\"]',70,NULL,'2021-06-29 00:00:00','2021-07-31 00:00:00','Upgrade AIOSEO NOW! (60% OFF)','https://aioseo.com/pricing/?utm_source=WordPress&utm_campaign=14th-birthday-sale-last-chance-v4&utm_medium=plugin-notification&utm_content=Upgrade AIOSEO NOW','Learn More','https://aioseo.com/aioseo-turns-14/?utm_source=WordPress&utm_campaign=14th-birthday-sale-last-chance-v4&utm_medium=plugin-notification&utm_content=Learn More',0,'2021-06-24 10:39:13','2021-07-06 15:40:46'),(103,'60d460d10f741','⚡ 14th Birthday Sale - 60% OFF AIOSEO ⚡','Want to upgrade your AIOSEO plan without the high costs? As we’re celebrating our anniversary, <strong>we’re offering up to 60% OFF for a limited time.</strong>\r\n<br /><br />\r\nUnlock powerful features like <strong>Local SEO Module, Image SEO Module, 301 Redirects, 404 Error Tracking, Custom Breadcrumbs, Smart Schema Markup</strong>, and more…\r\n<br /><br />','success','[\"4-x\"]',68,NULL,'2021-06-24 00:00:00','2021-06-28 23:59:00','Upgrade AIOSEO NOW! (60% OFF)','https://aioseo.com/pricing/?utm_source=WordPress&utm_campaign=14th-birthday-sale-v4&utm_medium=plugin-notification&utm_content=Upgrade AIOSEO NOW','Learn More','https://aioseo.com/aioseo-turns-14/?utm_source=WordPress&utm_campaign=14th-birthday-sale-v4&utm_medium=plugin-notification&utm_content=Learn More',0,'2021-06-24 10:39:13','2021-06-28 12:04:21'),(104,'60d460d10fc01','Introducing Breadcrumbs - Boost SEO & User Experience 📣','Now you can easily add breadcrumb navigation on your website to improve user experience & boost SEO rankings.\r\n<br /><br />\r\nOur breadcrumbs feature is available for all users, so you can get an enhanced website listing in Google.\r\n<br /><br />\r\nIf you want more control over Breadcrumb templates, then please upgrade to AIOSEO Pro today and save 50% off.','success','[\"4-x\"]',59,NULL,'2021-06-24 12:58:36',NULL,'Learn More','https://aioseo.com/introducing-breadcrumbs/?utm_source=WordPress&utm_campaign=introducing-breadcrumbs-v4&utm_medium=plugin-notification&utm_content=Learn More','Get AIOSEO Pro','https://aioseo.com/pricing/?utm_source=WordPress&utm_campaign=introducing-breadcrumbs-v4&utm_medium=plugin-notification&utm_content=Get AIOSEO Pro',0,'2021-06-24 10:39:13','2021-07-06 15:40:46'),(147,'6101e4e52a87a','🎉 Introducing Full Site Redirects + Headline Analyzer','Now easily redirect your ENTIRE website to another domain. No need to hire a developer!\r\n<br /><br />\r\nPlus, with our brand new Headline Analyzer, you can write catchy headlines that users can\'t help but click.\r\n<br /><br />\r\nTo get full access to our Pro features, upgrade your license today and save 50% OFF.','success','[\"4-x\",\"lite\"]',76,NULL,'2021-07-28 11:37:03',NULL,'Learn More','https://aioseo.com/introducing-the-new-aioseo-full-site-redirect-and-headline-analyzer/?utm_source=WordPress&utm_campaign=introducing-the-new-aioseo-full-site-redirect-and-headline-analyzer-v4-lite&utm_medium=plugin-notification&utm_content=Learn More','Get AIOSEO Pro','https://aioseo.com/pricing/?utm_source=WordPress&utm_campaign=introducing-the-new-aioseo-full-site-redirect-and-headline-analyzer-v4-lite&utm_medium=plugin-notification&utm_content=Get AIOSEO Pro',0,'2021-07-28 23:14:45','2021-08-12 04:21:16'),(175,'6115f34b313f9','📢 Announcing HTML Sitemaps: Help Visitors Find Your Content Faster','Help your visitors to discover the posts, pages, and products they’re looking for.\r\n<br /><br />\r\nPlus, help improve your rankings by making your website user-friendly and easy to crawl.\r\n<br /><br />\r\nTo get full access to our Pro features, upgrade your license today and save 50% OFF. 😍','success','[\"4-x\",\"lite\"]',86,NULL,'2021-07-28 11:36:58',NULL,'Learn More','https://aioseo.com/introducing-html-sitemaps/?utm_source=WordPress&utm_campaign=introducing-html-sitemaps-v4-lite&utm_medium=plugin-notification&utm_content=Learn More','Get AIOSEO Pro','https://aioseo.com/pricing/?utm_source=WordPress&utm_campaign=introducing-html-sitemaps-v4-lite&utm_medium=plugin-notification&utm_content=Get AIOSEO Pro',0,'2021-08-13 04:21:31','2021-11-02 05:42:51'),(2519,'636ba02953897','Announcing AIOSEO 4.2.7: Google Merchant Center Schema to help you Boost Visibility and Sales! 🛒💰','Do you sell products on your website? We’ve got great news for you!\r\n<br><br>\r\nEnjoy greater visibility and higher CTRs for your products on search engines with our new <strong>Google Merchant Center</strong> Listing schema support. \r\n<br><br>\r\nSo, go ahead and upgrade to <strong>AIOSEO Pro 4.2.7 TODAY</strong> and get more tools to help you rank your content and products!','success','[\"4-x\",\"lite\"]',526,NULL,'2022-12-06 20:35:55',NULL,'Learn More','https://aioseo.com/announcing-aioseo-4-2-7-drive-more-sales-with-google-merchant-center-listing-schema/?utm_source=WordPress&utm_campaign=google-merchant-center-schema-v4-lite&utm_medium=plugin-notification&utm_content=Learn More','Get AIOSEO Pro','https://aioseo.com/lite-upgrade/?utm_source=WordPress&utm_campaign=google-merchant-center-schema-v4-lite&utm_medium=plugin-notification&utm_content=Get AIOSEO Pro',0,'2022-11-09 12:42:17','2023-02-06 18:54:30'),(457,'61837570e4fac','📢 Introducing Our Updated Redirect Testing Tool + Enhancements to Sitemaps','Check out our completely revamped <strong>Redirect Testing tool</strong>! Now, you can easily test URL redirect right within your WordPress dashboard and see the status code with a single click.\r\n<br><br>\r\n<img style=\"width:100%;max-width:400px\" src=\"data:image/png;base64,[encoded data, 12664 characters]\" />\r\n<br><br>\r\nWe\'ve also added a number of improvements to sitemaps, including the last generated date and a custom 404 page.\r\n<br><br>\r\nUpdate to AIOSEO 4.1.5 today and take advantage of these enhancements!','info','[\"4-x\",\"lite\"]',110,NULL,'2022-01-19 20:15:04',NULL,'Learn More','https://aioseo.com/introducing-our-redirect-testing-tool-new-enhancements-to-our-sitemaps/?utm_source=WordPress&utm_campaign=redirects-testing-tool-v4-lite&utm_medium=plugin-notification&utm_content=Learn More','Get AIOSEO Pro','https://aioseo.com/lite-upgrade/?utm_source=WordPress&utm_campaign=redirects-testing-tool-v4-lite&utm_medium=plugin-notification&utm_content=Get AIOSEO Pro',0,'2021-11-04 05:53:52','2022-01-20 09:55:33'),(458,'61837570e5c30','🎉 Celebrating 3M+ Active Installs + Get 60% OFF Today!','Your beloved SEO plugin, All in One SEO (AIOSEO), just crossed <strong>3 million active installs</strong>!\r\n<br><br>\r\nTo celebrate this milestone, we’re running a huge sale for a limited time.\r\n<br><br>\r\n<strong>Save 60% OFF any AIOSEO plan!</strong>','success','[\"4-x\",\"lite\"]',107,NULL,'2021-11-03 14:11:37','2021-11-09 00:00:00','Upgrade AIOSEO NOW! (60% OFF)','https://aioseo.com/pricing/?utm_source=WordPress&utm_campaign=3-million-installs-v4-lite&utm_medium=plugin-notification&utm_content=Upgrade AIOSEO NOW',NULL,NULL,0,'2021-11-04 05:53:52','2021-11-08 06:16:32'),(495,'619f499357645','🔥 Save 65% OFF AIOSEO - Limited Time Black Friday Sale!','This Black Friday, we’re offering an incredible discount, up to <strong><em>65% OFF</em></strong> on AIOSEO!\r\n<br><br>\r\n<strong>This is the biggest sale we have <em>EVER</em> had, and it\'s available RIGHT NOW!</strong>\r\n<br><br>\r\nIf you’ve been thinking about becoming part of the AIOSEO Pro family, now’s the perfect time, but you’ll have to act fast since this remarkable deal expires soon!','success','[\"4-x\",\"lite\"]',165,NULL,'2021-11-23 18:42:05','2021-11-27 00:00:00','Upgrade AIOSEO NOW! (65% OFF)','https://aioseo.com/black-friday/?utm_source=WordPress&utm_campaign=black-friday-2021-v4-lite&utm_medium=plugin-notification&utm_content=Upgrade AIOSEO NOW','Learn More','https://aioseo.com/black-friday/?utm_source=WordPress&utm_campaign=black-friday-2021-v4-lite&utm_medium=plugin-notification&utm_content=Learn More',0,'2021-11-25 08:30:11','2021-11-26 08:31:41'),(503,'61a340c3c22bf','🌳 Get AIOSEO Pro (65% OFF Today) + Donate for a Cause 🌳','Want to boost your SEO rankings while giving back something in return?\r\n<br><br>\r\nThis Green Monday, we’re offering <strong><em>up to 65% OFF</em></strong> on AIOSEO Pro purchases.\r\n<br><br>\r\nAnd a portion of sales will be donated to The Conservation Fund, a non-profit that protects America\'s legacy of land and water resources through land acquisition and more.','success','[\"4-x\",\"lite\"]',183,NULL,'2021-12-13 00:00:00','2021-12-14 00:00:00','Upgrade AIOSEO NOW! (65% OFF)','https://aioseo.com/pricing/?utm_source=WordPress&utm_campaign=green-monday-2021-v4-lite&utm_medium=plugin-notification&utm_content=Upgrade AIOSEO NOW',NULL,NULL,0,'2021-11-28 08:41:39','2021-12-13 14:06:13'),(504,'61a340c3c2d2b','⌛ Cyber Monday Sale is Ending Soon!','This Cyber Monday sale is your last chance to grab the world’s best SEO plugin for the best price.\r\n<br><br>\r\n<strong><em>This is the biggest sale we have EVER had, and it\'s available RIGHT NOW!</em></strong>\r\n<br><br>\r\nIf you want to step up your SEO game in 2022, then you need AIOSEO Pro, and NOW is the best time to get it!','success','[\"4-x\",\"lite\"]',176,NULL,'2021-11-29 00:00:00','2021-12-04 00:00:00','Upgrade AIOSEO NOW! (65% OFF)','https://aioseo.com/black-friday/?utm_source=WordPress&utm_campaign=cyber-monday-2021-v4-lite&utm_medium=plugin-notification&utm_content=Upgrade AIOSEO NOW','Learn More','https://aioseo.com/black-friday/?utm_source=WordPress&utm_campaign=cyber-monday-2021-v4-lite&utm_medium=plugin-notification&utm_content=Learn More',0,'2021-11-28 08:41:39','2021-12-03 10:22:35'),(602,'61ea83310fe29','📢 Introducing Link Assistant + Our Stand-Alone Headline Analyzer','Check out the brand new features in AIOSEO 4.1.6! First, we have Link Assistant, a powerful tool to help you build effective internal links and audit external ones.\r\n<br><br>\r\nWe’ve also added a stand-alone Headline Analyzer to help you craft, and A/B test your headlines right from within WordPress.\r\n<br><br>\r\nUpdate to AIOSEO 4.1.6 today and up your SEO game without breaking a sweat!','success','[\"4-x\",\"lite\"]',203,NULL,'2022-02-08 13:39:00',NULL,'Learn More','https://aioseo.com/new-introducing-link-assistant-a-stand-alone-headline-analyzer-and-more-in-aioseo-4-1-6/?utm_source=WordPress&utm_campaign=link-assistant-v4-lite&utm_medium=plugin-notification&utm_content=Learn More','Get AIOSEO Pro','https://aioseo.com/lite-upgrade/?utm_source=WordPress&utm_campaign=link-assistant-v4-lite&utm_medium=plugin-notification&utm_content=Get AIOSEO Pro',0,'2022-01-21 09:56:01','2022-02-28 22:43:51'),(620,'6203c85a8a96d','🎉 Introducing IndexNow and Page Builder Integrations','Check out the fantastic new features in AIOSEO 4.1.7! First, we have IndexNow, a feature that gets your new or updated content indexed faster on Bing and Yandex (with more search engines to follow).\r\n<br><br>\r\nWe’ve also integrated AIOSEO with 3 major page builders, namely Elementor, Divi and SeedProd. Now you can work on your SEO right from within your page builder.\r\n<br><br>\r\nGet AIOSEO Pro today and up your SEO game without breaking a sweat!','success','[\"4-x\",\"lite\"]',223,NULL,'2022-03-01 16:19:06',NULL,'Learn More','https://aioseo.com/introducing-indexnow-and-page-builder-integrations-in-aioseo-4-1-7/?utm_source=WordPress&utm_campaign=index-now-v4-lite&utm_medium=plugin-notification&utm_content=Learn More','Get AIOSEO Pro','https://aioseo.com/lite-upgrade/?utm_source=WordPress&utm_campaign=index-now-v4-lite&utm_medium=plugin-notification&utm_content=Get AIOSEO Pro',0,'2022-02-09 13:57:46','2022-03-29 04:11:32'),(632,'621ea3cac92bf','📢 Announcing 4.1.8: Improved Site Redirects and Modified Date for Posts 📢','Redirects have never been easier! Our 4.1.8 update comes with a powerful feature that enables you to implement a redirect from right within a post.\r\n<br><br>\r\nWe’ve also added a \"limit modified date\" feature that allows you to make minor edits to posts/pages and keep the date the same.\r\n<br><br>\r\nUpdate to AIOSEO 4.1.8 today and enjoy these 2 powerful features and more.','success','[\"4-x\",\"lite\"]',241,NULL,'2022-04-08 19:59:50',NULL,'Learn More','https://aioseo.com/announcing-improved-site-redirects-and-modified-date-for-posts/?utm_source=WordPress&utm_campaign=introducing-on-page-redirects-and-limit-modified-date-v4-lite&utm_medium=plugin-notification&utm_content=Learn More','Get AIOSEO Pro','https://aioseo.com/lite-upgrade/?utm_source=WordPress&utm_campaign=introducing-on-page-redirects-and-limit-modified-date-v4-lite&utm_medium=plugin-notification&utm_content=Get AIOSEO Pro',0,'2022-03-01 22:52:58','2022-04-26 12:20:53'),(668,'6243e29b7e83f','Microsoft Clarity Integration and a New REST API Addon 🎉🎉','Now you can see how your website visitors interact with your web pages with heatmaps and session recordings, thanks to Microsoft Clarity.\r\n<br><br>\r\nWe’ve also added a REST API addon to make SEO easier for your headless website.\r\n<br><br>\r\nUpdate to AIOSEO 4.1.9 today and enjoy these 2 powerful features on your website!','success','[\"4-x\",\"lite\"]',263,NULL,'2022-05-03 15:26:42',NULL,'Learn More','https://aioseo.com/introducing-the-new-microsoft-clarity-integration-and-rest-api-addon/?utm_source=WordPress&utm_campaign=microsoft-clarity-rest-api-v4-lite&utm_medium=plugin-notification&utm_content=Learn More','Get AIOSEO Pro','https://aioseo.com/lite-upgrade/?utm_source=WordPress&utm_campaign=microsoft-clarity-rest-api-v4-lite&utm_medium=plugin-notification&utm_content=Get AIOSEO Pro',0,'2022-03-30 04:54:51','2022-05-30 23:13:01'),(679,'625132ccf2cb8','📢 🌿 Sale! Sale! Sale! 🌿 📢','<img src=\"data:image/png;base64,[encoded data, 17092 characters]\" />\r\n<br><br>\r\nOur spring sale is on! Get up to <strong>65% off</strong> our plans and save big.\r\n<br><br>\r\nHurry, this offer is only valid through Monday!','success','[\"4-x\",\"lite\"]',282,NULL,'2022-04-08 19:59:50','2022-04-12 00:00:00','Get AIOSEO Pro NOW! (65% OFF)','https://aioseo.com/lite-upgrade/?utm_source=WordPress&utm_campaign=spring-sale-v4-lite&utm_medium=plugin-notification&utm_content=Get AIOSEO Pro NOW!',NULL,NULL,0,'2022-04-09 07:16:28','2022-04-11 07:26:17'),(721,'6269353f91694','📢 Introducing 2 New Features! — Dashboard Widgets And Shorter URLs 📢','We’ve added 2 new dashboard widgets. One to help you set up your website for better SEO and the other to show you an overview of how optimized your posts are.\r\n<br><br>\r\nAnother feature you’ll love is the Strip Category Base Prefix feature that enables you to create shorter URLs by removing the category base.\r\n<br><br>\r\nUpgrade to AIOSEO 4.2.0 Pro today and enjoy these powerful features on your website!!','success','[\"4-x\",\"lite\"]',308,NULL,'2022-05-31 21:15:05',NULL,'Learn More','https://aioseo.com/new-dashboard-widgets-and-strip-category-base-feature/?utm_source=WordPress&utm_campaign=dashboard-widgets-strip-category-base-v4-lite&utm_medium=plugin-notification&utm_content=Learn More','Get AIOSEO Pro','https://aioseo.com/lite-upgrade/?utm_source=WordPress&utm_campaign=dashboard-widgets-strip-category-base-v4-lite&utm_medium=plugin-notification&utm_content=Get AIOSEO Pro',0,'2022-04-27 12:21:19','2022-06-21 02:27:20'),(737,'6272962934ff3','👉 Awesome Motive Just Hit 20 MILLION Websites Using our Software!','We\'ve got some exciting news to share!\r\n<br><br>\r\nAwesome Motive (our parent company) just hit the <strong>20 MILLION</strong> website milestone. 🤯\r\n<br><br>\r\nTo celebrate, we’re offering you up to 65% off our paid plans for <strong>only the next 2 days</strong>! 🎉\r\n','success','[\"4-x\",\"lite\"]',312,NULL,'2022-05-03 15:26:42','2022-05-06 00:00:00','Get AIOSEO Pro NOW!','https://aioseo.com/lite-upgrade/?utm_source=WordPress&utm_campaign=20-million-v4-lite&utm_medium=plugin-notification&utm_content=🚀 Get AIOSEO Pro NOW!',NULL,NULL,0,'2022-05-04 15:05:13','2022-05-05 16:03:21'),(786,'6296ab432dab6','📣 Introducing Crawl Cleanup and Import URLs to Your Sitemap!','AIOSEO 4.2.1 now allows you to manage Search Engine crawl quota by removing query args (URL parameters) from selected URLs and disabling unnecessary RSS feeds.\r\n<br><br>\r\nYou can also import bulk URLs from a CSV file to add more pages to your sitemap.\r\n<br><br>\r\nUpdate to AIOSEO 4.2.1 to take advantage of these powerful SEO features today!','success','[\"4-x\",\"lite\"]',327,NULL,'2022-07-19 14:22:11',NULL,'Learn More','https://aioseo.com/introducing-crawl-cleanup-and-importing-urls-from-a-csv-file-to-your-sitemap/?utm_source=WordPress&utm_campaign=crawl-cleanup-v4-lite&utm_medium=plugin-notification&utm_content=Learn More','Get AIOSEO Pro','https://aioseo.com/pricing/?utm_source=WordPress&utm_campaign=crawl-cleanup-v4-lite&utm_medium=plugin-notification&utm_content=Get%20AIOSEO%20Pro',0,'2022-05-31 23:56:51','2022-07-25 04:29:00'),(876,'62b27edc5fef0','AIOSEO 4.2.2 is HERE with some great new features! 🎉','Connect your WordPress user profile directly to your social media accounts for improved SEO.\r\n<br><br>\r\nOur new Translations API enables third-party translation apps to hook into AIOSEO’s data for multilingual SEO.\r\n<br><br>\r\nUpdate to AIOSEO 4.2.2 now and enjoy more SEO opportunities!','success','[\"4-x\",\"lite\"]',338,NULL,'2022-07-19 14:22:11',NULL,'Learn More','https://aioseo.com/announcing-our-new-user-social-profile-tab-and-translation-api-in-aioseo-4-2-2/?utm_source=WordPress&utm_campaign=social-profiles-translations-api-v4-lite&utm_medium=plugin-notification&utm_content=Learn More','Get AIOSEO Pro','https://aioseo.com/lite-upgrade/?utm_source=WordPress&utm_campaign=social-profiles-translations-api-v4-lite&utm_medium=plugin-notification&utm_content=Get AIOSEO Pro',0,'2022-06-22 02:30:52','2022-07-25 04:29:00'),(883,'62b522afb8646','AIOSEO is Turning 15 YEARS OLD!! 🥳 🥳','<img src=\"data:image/png;base64,[encoded data, 16432 characters]\" />\r\n\r\nTo celebrate, we’re running a sale with as much as <strong>65% off our paid plans</strong>.\r\n<br><br>\r\nGrab it while the party lasts! (<strong>Hurry! This offer won\'t last long!</strong>) 🎉','success','[\"4-x\",\"lite\"]',346,NULL,'2022-06-28 14:12:59','2022-06-30 00:00:00','Get AIOSEO Pro NOW! (65% OFF)','https://aioseo.com/pricing-lite/?utm_source=WordPress&utm_campaign=15th-birthday-sale-v4-lite&utm_medium=plugin-notification&utm_content=Get AIOSEO Pro NOW! (65% OFF)',NULL,NULL,0,'2022-06-24 02:34:23','2022-06-29 02:51:12'),(914,'62bbbe202b276','LAST CHANCE: Our Birthday Celebration is Almost Over! ⌛','AIOSEO just turned <strong>15 years old</strong> and we\'ve been celebrating all week with as much as <strong>65% off our paid plans</strong>! 🥳\r\n<br><br>\r\nThe party’s almost over and you’re about to miss out on this amazing birthday celebration deal.\r\n<br><br>\r\nMake sure to grab yours ASAP because it <strong>expires today!</strong> 🎉 🎉','success','[\"4-x\",\"lite\"]',399,NULL,'2022-06-29 00:00:00','2022-06-30 00:00:00','Get AIOSEO Pro NOW! (65% OFF)','https://aioseo.com/pricing-lite/?utm_source=WordPress&utm_campaign=15th-birthday-sale-last-chance-v4-lite&utm_medium=plugin-notification&utm_content=Get%20AIOSEO%20Pro%20NOW!%20(65%%20OFF)',NULL,NULL,0,'2022-06-29 02:51:12','2022-06-29 02:51:12'),(1013,'62d781b1af392','📣 AIOSEO 4.2.3: Introducing FAQ and Table of Contents blocks + URL Slug Monitor.','You can now add <strong>FAQ and Table of Contents blocks</strong> to increase your visibility on SERPs and improve user experience.\r\n<br><br>\r\nAnd our <strong>URL Slug Monitor</strong> is a powerful addition that checks for changes in your URLs and prompts you to add redirects which helps <strong>prevents 404 errors</strong> on your site.\r\n<br><br>\r\nUpdate to 4.2.3 today and check out these powerful new features!','success','[\"4-x\",\"lite\"]',414,NULL,'2022-08-16 12:14:02',NULL,'Learn More','https://aioseo.com/introducing-aioseo-4-2-3-faq-and-table-of-contents-blocks-all-new-url-slug-monitor/?utm_source=WordPress&utm_campaign=introducing-faq-toc-blocks-v4-lite&utm_medium=plugin-notification&utm_content=Learn More','Get AIOSEO Pro','https://aioseo.com/lite-upgrade/?utm_source=WordPress&utm_campaign=introducing-faq-toc-blocks-vv-lite&utm_medium=plugin-notification&utm_content=Get AIOSEO Pro',0,'2022-07-20 04:16:49','2022-09-13 09:48:15'),(1038,'62df6e59c940a','We\'re celebrating 100 million downloads of AIOSEO!!! 🥳','And we want to share this HUGE milestone with you by <strong>slashing our prices</strong>.\r\n<br><br>\r\nWe\'re offering up to <strong>65% off</strong> our paid plans until July 28.\r\n<br><br>\r\nGrab it while the party lasts! (<strong>Hurry! This offer won\'t last long!</strong>) 🎉\r\n','success','[\"4-x\",\"lite\"]',417,NULL,'2022-07-25 15:21:38','2022-07-28 00:00:00','Get AIOSEO Pro NOW! (65% OFF)','https://aioseo.com/pricing-lite/?utm_source=WordPress&utm_campaign=100m-downloads-sale-v4-lite&utm_medium=plugin-notification&utm_content=Get%20AIOSEO%20Pro%20NOW!%20(65%%20OFF)',NULL,NULL,0,'2022-07-26 04:32:25','2022-07-27 04:32:45'),(1039,'62df6e59ca011','LAST CHANCE: We\'re celebrating 100 million downloads of AIOSEO!!! ⌛','AIOSEO just hit <strong>100 MILLION DOWNLOADS</strong> and we\'ve been celebrating all week with as much as <strong>65% off our paid plans!</strong> 🥳\r\n<br><br>\r\nThe party’s almost over and you’re about to miss out on this amazing celebration deal.\r\n<br><br>\r\nMake sure to grab yours ASAP because it <strong>expires today!</strong> 🎉 🎉','success','[\"4-x\",\"lite\"]',456,NULL,'2022-07-28 00:00:00','2022-07-29 00:00:00','Get AIOSEO Pro NOW! (65% OFF)','https://aioseo.com/pricing-lite/?utm_source=WordPress&utm_campaign=100m-downloads-sale-last-chance-v4-lite&utm_medium=plugin-notification&utm_content=Get%20AIOSEO%20Pro%20NOW!%20(65%%20OFF)',NULL,NULL,0,'2022-07-26 04:32:25','2022-07-28 04:36:10'),(1134,'62fc8c28da520','AIOSEO just got more powerful with version 4.2.4! 🚀','Easily eliminate 404 errors with <strong>automatic redirects</strong> using our massively improved Redirection Manager. \r\n<br><br>\r\nThis update also includes some huge improvements to our Image SEO addon, making it much easier for your content to rank. 📸\r\n<br><br>\r\nUpdate to <strong>AIOSEO 4.2.4</strong> today and take advantage of these powerful new features!','success','[\"4-x\",\"lite\"]',463,NULL,'2022-09-22 20:05:34',NULL,'Learn More','https://aioseo.com/announcing-aioseo-4-2-4-improved-redirects-and-image-seo-updates/?utm_source=WordPress&utm_campaign=improved-redirects-image-seo-v4-lite&utm_medium=plugin-notification&utm_content=Learn More','Get AIOSEO Pro','https://aioseo.com/lite-upgrade/?utm_source=WordPress&utm_campaign=improved-redirects-image-seo-v4-lite&utm_medium=plugin-notification&utm_content=Get%20AIOSEO%20Pro',0,'2022-08-17 06:35:20','2022-10-11 11:15:44'),(1369,'6321a3d828e72','The Next-Gen Schema Generator is here! 🎉','This is a huge leap forward in WordPress schema implementation, and you definitely want to add it to boost your website SEO! 🚀\r\n<br><br>\r\nWebsites with schema markups enjoy better SEO rankings, higher traffic, and more sales. AIOSEO 4.2.5 makes it possible without touching a single line of code.\r\n<br><br>\r\nUpdate to AIOSEO 4.2.5 <strong>TODAY</strong> and enjoy the power of our <strong>new Schema Generator!</strong>','success','[\"4-x\",\"lite\"]',492,NULL,'2022-09-13 00:00:00',NULL,'Learn More','https://aioseo.com/announcing-aioseo-4-2-5-next-gen-schema-generator-to-improve-your-seo-rankings/?utm_source=WordPress&utm_campaign=schema-generator-v4-lite&utm_medium=plugin-notification&utm_content=Learn More','Get AIOSEO Pro','https://aioseo.com/lite-upgrade/?utm_source=WordPress&utm_campaign=schema-generator-v4-lite&utm_medium=plugin-notification&utm_content=Get AIOSEO Pro',0,'2022-09-14 09:50:16','2022-11-08 12:41:21'),(1729,'632d89a9b7639','🍂 Our fall sale is on! 🍂','Get up to 70% off AIOSEO Pro to improve your SEO rankings.\r\n<br><br>\r\nThis will get you access to our Next-Gen Schema generator, powerful Link Assistant, and dozens of SEO features to grow your traffic.\r\n<br><br>\r\nUpgrade this week and save BIG!','success','[\"4-x\",\"lite\"]',503,NULL,'2022-09-22 20:05:34','2022-09-29 00:00:00','Get AIOSEO Pro NOW! (70% OFF)','https://aioseo.com/pricing-lite/?utm_source=WordPress&utm_campaign=2022-fall-sale-v4-lite&utm_medium=plugin-notification&utm_content=Get AIOSEO Pro NOW! (70% OFF)',NULL,NULL,0,'2022-09-23 10:25:45','2022-09-28 10:43:34'),(1864,'6346a28bdecad','The much-awaited SEO emoji picker is here! 🎉','Now you can add emojis to SEO fields to get <strong>higher CTRs and engagement on SEO and social media platforms</strong>. 😳\r\n<br><br>\r\nPlus, we’ve also greatly improved our multisite SEO module, making it easy to <strong>manage WordPress multisite SEO from a single dashboard</strong>. ✅\r\n<br><br>\r\nWith AIOSEO 4.2.6, you’ve got more tools to help you rank your content, and that <strong>without touching a single line of code</strong>. 🧑🏽‍💻\r\n<br><br>\r\n<strong>Update to AIOSEO 4.2.6 TODAY</strong> and enjoy the power of our new SEO emoji picker and improved multisite SEO module! 🚀','success','[\"4-x\",\"lite\"]',512,NULL,'2022-11-28 20:45:42',NULL,'Learn More','https://aioseo.com/announcing-aioseo-4-2-6-new-seo-emoji-picker-multisite-seo-improvements/?utm_source=WordPress&utm_campaign=emoji-picker-v4-lite&utm_medium=plugin-notification&utm_content=Learn More','🚀 Get AIOSEO Pro NOW!','https://aioseo.com/lite-upgrade/?utm_source=WordPress&utm_campaign=emoji-picker-v4-lite&utm_medium=plugin-notification&utm_content=🚀 Get AIOSEO Pro NOW!',0,'2022-10-12 11:18:35','2022-12-06 13:56:47'),(6243,'64a3ba67e83fd','🔥 [New] Advanced SEO Tracking with SEO Revisions & Google Updates Integration','Track the changes you make to your content and see how it <strong>connects to changes in your search rankings</strong>.\r\n<br><br>\r\nPlus, see <strong>Google Updates on a timeline in Search Statistics</strong>, so you know how they impact your SEO.\r\n<br><br>\r\nWe’ve also added many more new features to version 4.4.0 of AIOSEO. <strong>Upgrade today!</strong>','success','[\"4-x\",\"lite\"]',801,NULL,'2023-09-19 21:26:06',NULL,'Learn More','https://aioseo.com/announcing-seo-revisions-and-google-updates-integration/?utm_source=WordPress&utm_campaign=seo-revisions-v4-lite&utm_medium=plugin-notification&utm_content=Learn%20More','Get AIOSEO Pro','https://aioseo.com/lite-upgrade/?utm_source=WordPress&utm_campaign=seo-revisions-v4-lite&utm_medium=plugin-notification&utm_content=Get%20AIOSEO%20Pro',0,'2023-07-04 06:21:27','2023-10-16 22:15:12'),(2928,'637b7bccdd8dd','Black Friday: HUGE Sale! Get Up to 70% Off AIOSEO 🛍','Our biggest sale of the year is now live! Get up to 70% off AIOSEO, the world’s best WordPress SEO plugin. You’ll unlock our NEW Link Assistant addon, redirection manager, local SEO module, image SEO module, news/video sitemaps +more! PLUS enter our giveaway to WIN an Apple 14” M1 PRO Macbook Pro - no purchase necessary!','success','[\"4-x\",\"lite\"]',534,NULL,'2022-11-24 19:50:33','2022-11-28 00:00:00','Enter Giveaway','https://aioseo.com/black-friday/?utm_source=WordPress&utm_campaign=liteplugin&utm_medium=Plugin Notification&utm_content=bf2022-enter-giveaway-v4-lite','Claim Your Upgrade Discount','https://aioseo.com/black-friday/?utm_source=WordPress&utm_campaign=liteplugin&utm_medium=Plugin Notification&utm_content=bf2022-claim-your-upgrade-discount-v4-lite',0,'2022-11-21 13:23:24','2022-11-27 13:31:22'),(3291,'63909ca8dab62','AIOSEO 4.2.8: More Control Over Search and Social Snippets with SEO Preview 🔎','Get greater control over how your search and social media snippets appear with our <strong>new SEO Preview tool</strong>.\r\n<br><br>\r\nPlus, check how well you’ve set up your page’s SEO by getting an overview of your meta tags and basic SEO.\r\n<br><br>\r\nSo, <strong>update to AIOSEO 4.2.8 TODAY</strong> and boost your rankings and drive more engagement on SERPs and social media!','success','[\"4-x\",\"lite\"]',560,NULL,'2023-02-24 16:13:04',NULL,'Learn More','https://aioseo.com/new-seo-preview-more-control-over-search-and-social-snippets/?utm_source=WordPress&utm_campaign=seo-preview-v4-lite&utm_medium=plugin-notification&utm_content=Learn More','Get AIOSEO Pro','https://aioseo.com/lite-upgrade/?utm_source=WordPress&utm_campaign=seo-preview-v4-lite&utm_medium=plugin-notification&utm_content=Get AIOSEO Pro',0,'2022-12-07 14:01:12','2023-03-08 21:28:28'),(4293,'63e29fe0eacb1','Introducing SEO Stats for WordPress - Track Your Keyword Rankings and See Important SEO Metrics with 1-click 🔎 🚀','Want to see exactly how your content ranks in search results inside of WordPress? You can do just that with our brand new <strong>Google Search Console integration</strong>!\r\n<br><br>\r\nTrack important keywords and get in-plugin tips to help you grow your traffic. <strong>Plus: Try out the new speed test tool!</strong> 🚀\r\n<br><br>\r\n<strong>Upgrade to AIOSEO 4.3.0 (Elite) TODAY to ignite your SEO and outrank competitors!</strong>\r\n<br><br>\r\n<img src=\"data:image/png;base64,[encoded data, 10456 characters]\" />','success','[\"4-x\",\"lite\"]',570,NULL,'2023-06-27 12:55:16',NULL,'Learn More','https://aioseo.com/google-search-console-integration/?utm_source=WordPress&utm_campaign=google-search-console-integration-v4-lite&utm_medium=plugin-notification&utm_content=Learn%20More','Get AIOSEO Pro 🚀','https://aioseo.com/lite-upgrade/?utm_source=WordPress&utm_campaign=google-search-console-integration-v4-lite&utm_medium=plugin-notification&utm_content=Get%20AIOSEO%20Pro',0,'2023-02-07 19:00:48','2023-07-03 06:21:05'),(4373,'63f9251ccb1ea','❄️ Save up to 70% OFF Link Assistant, Search Statistics and MORE During our Winter Sale! ❄️','We’re kicking off our winter sale and you don’t want to miss the hot deals we have. 🔥\r\n<br><br>\r\nIf you act within the next 7 days, you can get AIOSEO <strong>for as much as 70% off</strong> with access to our <strong>Redirection Manager, Link Assistant, Search Statistics and MORE</strong>!\r\n<br><br>\r\nWith all the powerful features we’ll be adding to the plugin this year, getting the plugin at these discounted prices is a steal. <strong>Seriously</strong>.\r\n<br><br>\r\n⚡ So, claim your discount now before it expires! ⚡','success','[\"4-x\",\"lite\"]',603,NULL,'2023-02-24 16:13:04','2023-03-02 00:00:00','Get AIOSEO Pro Today! (up to 70% OFF)','https://aioseo.com/pricing-lite/?utm_source=WordPress&utm_campaign=proplugin&utm_medium=Plugin%20Notification&utm_content=winter-sale-2023-get-aioseo-pro-today',NULL,NULL,0,'2023-02-24 20:59:08','2023-03-01 21:08:11'),(4606,'6414e9e8b8281','🍀[FLASH SALE]! Get Up To 70% Off AIOSEO For St. Patrick\'s Day! 🍀','Our St. Patrick\'s Day flash sale is here, and it\'s your chance to get <strong>AIOSEO Pro at a HUGE discount</strong>! This sale is almost as good as a pot of gold!\r\n<br><br>\r\nDon\'t rely only on the luck of the Irish! ☘️ Supercharge your website\'s SEO, making it easier for your customers to find you online. With our limited-time offer, you can get the whole AIOSEO experience at up to 70% off!\r\n<br><br>\r\nWhether you\'re a small business owner, blogger, or marketer, this is an opportunity you won\'t want to miss. Hurry and grab your discount now before the sale ends!','success','[\"4-x\",\"lite\"]',636,NULL,'2023-03-17 02:11:24','2023-03-19 00:00:00','Get AIOSEO Pro Today!','https://aioseo.com/pricing/?utm_source=WordPress&utm_campaign=v4-lite&utm_medium=Plugin%20Notification&utm_content=st-patricks-2023-get-aioseo-pro-today',NULL,NULL,0,'2023-03-17 22:30:00','2023-03-18 22:30:40'),(5214,'644342294e6c2','[Last Chance!] 🌼 Save up to 70% on AIOSEO during our spring sale! 🚀','Did you know today\'s the last day to <strong>upgrade</strong> and <strong>save big</strong> on the world\'s best SEO plugin?\r\n<br><br>\r\n⚡ Power up your traffic & sales with our futuristic <strong>AI tools</strong> and <strong>Google Search Console integration</strong>. \r\n<br><br>\r\nDon’t miss out on these amazing deals. 🔥\r\n<br><br>\r\nBe sure to claim your discount before it\'s gone!','success','[\"4-x\",\"lite\"]',661,NULL,'2023-04-27 00:00:00','2023-04-28 00:00:00','Get AIOSEO Pro Today!','https://aioseo.com/pricing-lite/?utm_source=WordPress&utm_campaign=v4-lite&utm_medium=Plugin%20Notification&utm_content=spring-sale-last-chance-2023-get-aioseo-pro-today',NULL,NULL,0,'2023-04-22 02:10:49','2023-04-27 02:36:04'),(5215,'644342294f5e4','[Spring Sale] 🌼 Get up to 70% off AIOSEO! 🤩','We just launched our huge spring sale. Now you can get <strong><em>all</em></strong> the SEO features you want to amplify your traffic and sales. \r\n<ul style=\"list-style: inside;\">\r\n	<li>Supercharge your <strong>keyword rankings</strong> with our <strong>Google Search Console integration</strong>.</li>\r\n	<li>Save time with our premier <strong>AI tools</strong>, like our <strong>ChatGPT integration</strong>.</li>\r\n</ul>\r\nFor only 7 days you can get <strong>deep discounts</strong> on the world\'s best SEO plugin.\r\n<br><br>\r\n⚡So grab your deal while it lasts! ⚡','success','[\"4-x\",\"lite\"]',651,NULL,'2023-04-21 16:17:02','2023-04-27 00:00:00','Get AIOSEO Pro Today!','https://aioseo.com/pricing-lite/?utm_source=WordPress&utm_campaign=v4-lite&utm_medium=Plugin%20Notification&utm_content=spring-sale-2023-get-aioseo-pro-today',NULL,NULL,0,'2023-04-22 02:10:49','2023-04-26 02:35:44'),(5331,'64531d8a8c50e','🗣️ [AIOSEO 4.3.6] Announcing Content Rankings: SEO Performance Tracking Made Easy','Get valuable insights about how your content is performing on search engines using our <strong>NEW Content Rankings report</strong>.\r\n<br><br>\r\nThis includes SEO data to help you <strong>optimize your articles for better rankings</strong>. Plus, you can also easily spot <strong>content decay</strong>, making it easier to combat it.\r\n<br><br>\r\nSo, <strong>upgrade to AIOSEO Pro TODAY</strong> and boost your rankings and drive more traffic to your content!','success','[\"4-x\",\"lite\"]',677,NULL,'2023-06-27 12:55:16',NULL,'Learn More','https://aioseo.com/announcing-content-rankings-seo-performance-tracking-made-easy/?utm_source=WordPress&utm_campaign=content-rankings-v4-lite&utm_medium=plugin-notification&utm_content=Learn%20More','Get AIOSEO Pro','https://aioseo.com/lite-upgrade/?utm_source=WordPress&utm_campaign=content-rankings-v4-lite&utm_medium=plugin-notification&utm_content=Get%20AIOSEO%20Pro',0,'2023-05-04 02:50:50','2023-07-03 06:21:05'),(5942,'6475793b06cb8','[Last Chance!] 🇺🇸 Save up to 70% on AIOSEO during our flash sale! 🧨','Did you know today\'s the <span style=\"text-decoration:underline;\">last day</span> to <strong>upgrade</strong> & <strong>save big</strong> on the world\'s best SEO plugin?\r\n<br><br>\r\n⚡ Power up your traffic & sales with our futuristic <strong>AI tools</strong> & <strong>Google Search Console integration</strong>. ⚡\r\n<br><br>\r\nDon’t miss out on these sizzling deals. 💥\r\n<br><br>\r\nClaim your discount before it\'s gone!','success','[\"4-x\",\"lite\"]',721,NULL,'2023-05-30 00:00:00','2023-05-31 00:00:00','Get AIOSEO Pro Today!','https://aioseo.com/pricing-lite/?utm_source=WordPress&utm_campaign=v4-lite&utm_medium=Plugin%20Notification&utm_content=memorial-day-sale-last-chance-2023-get-aioseo-pro-today',NULL,NULL,0,'2023-05-30 04:19:07','2023-05-30 04:19:07'),(5943,'6475793b08192','[Memorial Day Sale] 🇺🇸 Get up to 70% off AIOSEO! 💥','We just launched our Memorial Day sale! Snag <strong style=\"text-decoration: underline;\"><em>all</em></strong> the SEO features you want to surge traffic and sales. \r\n<ul style=\"list-style: inside;\">\r\n	<li>Save time with our AI <strong>ChatGPT integration</strong>.</li>\r\n	<li>Boost <strong>rankings</strong> with our <strong>Google Search Console integration</strong>.</li>\r\n</ul>\r\nFor only <strong style=\"text-decoration: underline;\">1 day</strong> you can get <strong>giant discounts</strong> on the world\'s best SEO plugin.\r\n<br /><br />\r\n⚡So grab your deal while it lasts! ⚡','success','[\"4-x\",\"lite\"]',708,NULL,'2023-05-29 13:43:06',NULL,'Get AIOSEO Pro Today!','https://aioseo.com/pricing-lite/?utm_source=WordPress&utm_campaign=v4-lite&utm_medium=Plugin%20Notification&utm_content=memorial-day-sale-2023-get-aioseo-pro-today',NULL,NULL,0,'2023-05-30 04:19:07','2023-06-01 04:27:32'),(5989,'6479703367945','[NEW] Set a Primary Category to Customize Breadcrumbs (+ WPCode Integration) 🚀','<strong>The wait is FINALLY over!</strong> One of our most requested feature is live in AIOSEO 4.3.8! 🎉 🎉\r\n<br><br>\r\nWith the brand-new <strong>Primary Category</strong> feature, you now have <strong>full control over which category displays in your breadcrumb trail</strong>.\r\n<br><br>\r\nPlus: customize your AIOSEO experience with <strong>clickable code snippets</strong> courtesy of WPCode!\r\n<br><br>\r\nUpgrade to <strong>AIOSEO 4.3.8 Pro TODAY</strong> to ignite your SEO and outrank competitors!','success','[\"4-x\",\"lite\"]',751,NULL,'2023-07-25 13:50:35',NULL,'Learn More','https://aioseo.com/announcing-primary-category-and-wpcode-integration/?utm_source=WordPress&utm_campaign=primary-category-v4-lite&utm_medium=plugin-notification&utm_content=Learn%20More','Get AIOSEO Pro','https://aioseo.com/lite-upgrade/?utm_source=WordPress&utm_campaign=primary-category-v4-lite&utm_medium=plugin-notification&utm_content=Get%20AIOSEO%20Pro',0,'2023-06-02 04:29:39','2023-07-28 08:28:18'),(6200,'649bc96ce6963','It\'s a Sweet Sixteen Kinda Day! 🥳 🥳','<img src=\"data:image/png;base64,[encoded data, 10192 characters]\" />\r\n\r\nWe just had our 16th birthday, and to celebrate, we’re offering you massive discounts on all paid plans. Save <strong>up to 70%</strong> when you purchase a new plan or upgrade TODAY!\r\n<br><br>\r\nPlus, we have a <strong>sweet giveaway</strong> with 3 prizes including a <strong>Pixel 7 Pro, Pixel Tablet and Pixel Buds Pro</strong>!\r\n<br><br>\r\nHurry, this deal won\'t last long, check it out TODAY!','success','[\"4-x\",\"lite\"]',766,NULL,'2023-06-27 12:55:16','2023-06-30 00:00:00','Get AIOSEO Pro NOW! (70% OFF)','https://aioseo.com/happy-birthday-aioseo/?utm_source=WordPress&utm_campaign=16th-birthday-sale-v4-lite&utm_medium=plugin-notification&utm_content=Get AIOSEO Pro NOW! (70% OFF)','Enter Pixel Giveaway!','https://aioseo.com/happy-birthday-aioseo/?utm_source=WordPress&utm_campaign=16th-birthday-sale-v4-lite&utm_medium=plugin-notification&utm_content=Enter Pixel Giveaway!',0,'2023-06-28 05:47:24','2023-06-29 05:59:38'),(9495,'6696b22513973','🎉 Celebrate World Emoji Day with Our Exclusive Flash Sale! 🎉','<img src=\"data:image/webp;base64,[encoded data, 7824 characters]\" alt=\"\" class=\"wp-image-1110\" />\n\n<p>Today only, we\'re offering you a <strong>special upgrade discount of up to 70%</strong>! 🌟 Don\'t miss out on this fantastic opportunity to enhance your SEO at a fraction of the cost.</p>\n\n<p><strong>Why Upgrade?</strong></p>\n\n<ol>\n<li>Unlock premium SEO features</li>\n\n<li>Get priority customer support</li>\n\n<li>Improve your chances of ranking higher on search engines</li>\n\n<li>Benefit from in-depth on-page analysis &amp; identify optimization opportunities</li>\n</ol>\n\n<p><strong>Hurry!</strong> This flash sale ends today.&nbsp;</p>\n\n<p>Upgrade your plan now and make the most of World Emoji Day! 🌍✨</p>','success','[\"4-x\",\"lite\"]',1100,NULL,'2024-07-17 00:00:00','2024-07-19 00:00:00','Get AIOSEO Pro','https://aioseo.com/lite-upgrade/?utm_source=WordPress&utm_medium=plugin-notification&utm_campaign=emoji-sale-v4-x-lite',NULL,NULL,0,'2024-07-16 17:47:17','2024-07-18 17:54:47'),(6427,'64c0d7e6674b8','NEW: Announcing the AIOSEO Analyzer Chrome extension!  🚀','Speed up content reviews and technical SEO checks. This new free tool is designed for you!\r\n<br><br>\r\nAIOSEO Analyzer gives you a big-picture view of your SEO, bringing problem areas into sharp focus. It works on both unpublished <em>and</em> published pages.\r\n<br><br>\r\nAnd it’s <strong>100% free!</strong> Download it today from the Chrome Web Store. And take it for a test drive!','success','[\"4-x\"]',809,NULL,'2023-11-25 04:17:13',NULL,'Learn More','https://aioseo.com/announcing-all-in-one-analyzer-by-aioseo/?utm_source=WordPress&utm_campaign=chrome-extension-v4&utm_medium=plugin-notification&utm_content=Learn%20More','Download','https://aioseo.com/announcing-all-in-one-analyzer-by-aioseo/?utm_source=WordPress&utm_campaign=chrome-extension-v4&utm_medium=plugin-notification&utm_content=Download',0,'2023-07-26 08:23:02','2023-12-06 05:27:26'),(6456,'64c4d115570bd','🌴🌞 Embrace the summer vibes with our scorching HOT Summer Sale! 🌞🌴','<img src=\"data:image/png;base64,[encoded data, 8064 characters]\" />\r\n\r\nIt\'s time to turn up the heat and celebrate the season in style. Whether you\'re a long-time user or a brand-new one, we\'ve got something special for you!\r\n<br><br>\r\nIn honor of summer, we\'re offering you sensational discounts on all paid plans. Save up to a refreshing 70% when you snag a new plan or upgrade TODAY!\r\n<br><br>\r\nBut don\'t lounge around too long under the sun – this irresistible offer won\'t last forever! So, hurry and dive into our Summer Sale before it\'s gone. Your special deal awaits!\r\n','success','[\"4-x\",\"lite\"]',827,NULL,'2023-07-28 18:10:46','2023-08-04 00:00:00','Get AIOSEO Pro NOW! (70% OFF)','https://aioseo.com/pricing-lite/?utm_source=WordPress&utm_campaign=summer-sale-v4-lite&utm_medium=plugin-notification&utm_content=Upgrade Your AIOSEO Plan NOW! (70% OFF)',NULL,NULL,0,'2023-07-29 08:43:01','2023-08-03 09:08:18'),(6675,'64e741ea3c04f','[New] Improved Crawling and Indexing with AIOSEO 4.4.4 🚀','Improve your site’s crawlability and indexability with our improved robots.txt editor. With new directives and advanced functionality, ranking your site on search engines just became easier.\r\n<br><br>\r\nWe’ve also added many more new features to version 4.4.4 of AIOSEO. Check out our announcement for more information.\r\n<br><br>\r\nUpgrade to AIOSEO 4.4.4 today!','success','[\"4-x\",\"lite\"]',832,NULL,'2023-11-25 04:17:13',NULL,'Learn More','https://aioseo.com/greater-robots-txt-file-customization-for-improved-crawlability/?utm_source=WordPress&utm_campaign=robots-editor-v4-lite&utm_medium=plugin-notification&utm_content=Learn%20More','Upgrade to Pro','https://aioseo.com/lite-upgrade/?utm_source=WordPress&utm_campaign=robots-editor-v4-lite&utm_medium=plugin-notification&utm_content=Upgrade%20to%20Pro',0,'2023-08-24 11:41:30','2023-12-06 05:27:26'),(6746,'64f72ea8dbcf6','Flash Sale: Get Up To 70% Off AIOSEO This Labor Day 👷','At AIOSEO, we want to celebrate your hard work by offering you the best WordPress SEO plugin at <strong><em>ridiculously low prices</em></strong>.\r\n<br><br>\r\nWe’re offering <strong>up to 70% off</strong> AIOSEO for a new purchase or upgrade.\r\n<br><br>\r\nBut this is just a one-day sale, so you better ACT FAST!','success','[\"lite\"]',840,NULL,'2023-09-04 21:39:37','2023-09-06 00:00:00','Get AIOSEO Pro NOW! (70% OFF)','https://aioseo.com/pricing-lite/?utm_source=WordPress&utm_campaign=summer-sale-v4-lite&utm_medium=plugin-notification&utm_content=Get AIOSEO Pro NOW! (70% OFF)',NULL,NULL,0,'2023-09-05 13:35:36','2023-09-05 13:35:36'),(6801,'650b29c63cc51','[New] TruSEO Highlighter: Instantly locate readability issues! 😮','On-page SEO just got easier with our new TruSEO Highlighter! 😮 Turn on the highlighter to instantly find readability issues on a page. 🥳\r\n<br><br>\r\nThis is our most requested feature! With TruSEO highlighter, you’ll instantly find readability issues flagged by AIOSEO.\r\n<br><br>\r\nUpdate to <strong>AIOSEO 4.4.6 TODAY</strong> to simplify SEO & get traction.','success','[\"4-x\",\"lite\"]',848,NULL,'2023-11-25 04:17:13',NULL,'Learn More','https://aioseo.com/announcing-truseo-highlighter/?utm_source=WordPress&utm_campaign=truseo-highlighter-v4-lite&utm_medium=plugin-notification&utm_content=Learn%20More','Upgrade to Pro','https://aioseo.com/lite-upgrade/?utm_source=WordPress&utm_campaign=truseo-highlighter-v4-lite&utm_medium=plugin-notification&utm_content=Upgrade%20to%20Pro',0,'2023-09-20 17:20:06','2023-12-06 05:27:26'),(6845,'652f08e34de05','Elevate Your SEO Strategy: Meet Cornerstone Content in AIOSEO 4.4.8! 🚀🔥','Introducing Cornerstone Content – your secret weapon to boost search rankings and dominate your niche. 🏆\r\n<br><br>\r\nBuild <em>authority & expertise</em>, improve <em>crawling and indexing</em>, supercharge your <em>semantic SEO</em>, and more with this game-changing addition in <strong>AIOSEO 4.4.8</strong>.\r\n<br><br>\r\n👇🏻👇🏻 Upgrade today or click to Learn more!\r\n','success','[\"4-x\",\"lite\"]',860,NULL,'2023-11-25 04:17:13',NULL,'Learn More','https://aioseo.com/new-supercharge-your-seo-and-content-strategy-with-cornerstone-content/?utm_source=WordPress&utm_campaign=cornerstone-content-v4-lite&utm_medium=plugin-notification&utm_content=Learn%20More','Upgrade to Pro','https://aioseo.com/lite-upgrade/?utm_source=WordPress&utm_campaign=cornerstone-content-v4-lite&utm_medium=plugin-notification&utm_content=Upgrade%20to%20Pro',0,'2023-10-17 22:21:23','2023-12-06 05:27:26'),(6884,'654591ca40f92','Black Friday’s Here 🛍: HUGE Sale [Up To 70% Off] + Giveaway!','<img src=\"data:image/png;base64,[encoded data, 27436 characters]\" />\r\n<br><br>\r\nOur biggest sale of the year is now live! <strong>Get up to 70% off AIOSEO</strong>, the world’s best WordPress SEO plugin. You’ll unlock <em>tons of new features</em> like <strong>Cornerstone Content</strong>, <strong>Search Statistics</strong>, an <strong>advanced robots.txt editor</strong> and more! \r\n<br><br>\r\nPLUS enter our giveaway to WIN an <strong>iPhone 15 Pro Max</strong> 📱and <strong>Apple Watch Ultra 2</strong> ⌚. No purchase is necessary to enter!','success','[\"4-x\",\"lite\"]',894,NULL,'2023-11-20 00:00:00','2023-11-27 00:00:00','Enter Giveaway','https://aioseo.com/black-friday/?utm_source=WordPress&utm_campaign=liteplugin&utm_medium=Plugin Notification&utm_content=bf2023-enter-giveaway-v4-lite','Claim Your Upgrade Discount','https://aioseo.com/black-friday/?utm_source=WordPress&utm_campaign=liteplugin&utm_medium=Plugin Notification&utm_content=bf2023-claim-your-upgrade-discount-v4-lite',0,'2023-11-04 00:35:22','2023-11-26 02:56:59'),(6885,'654591ca42407','Cyber Monday Sale 👨‍💻 Last Chance to Get Up to 70% Off AIOSEO!','<img src=\"data:image/png;base64,[encoded data, 18940 characters]\" />\r\n<br><br>\r\nIt’s Cyber Monday 🥳. It’s also your final chance to get <strong>up to 70% off AIOSEO</strong>!\r\n<br><br>\r\nAs soon as you upgrade, you’ll unlock our next-gen <strong>Schema Generator</strong>, <strong>Local Business SEO tools</strong>, powerful <strong>Redirection Manager</strong>, <strong>Link Assistant</strong>, and more.\r\n<br><br>\r\nDon’t miss our biggest sale of the year!','success','[\"4-x\",\"lite\"]',905,NULL,'2023-11-27 00:00:00','2023-12-02 00:00:00','Claim Your Upgrade Deal Now','https://aioseo.com/black-friday/?utm_source=WordPress&utm_campaign=liteplugin&utm_medium=Plugin Notification&utm_content=bf2023-claim-your-upgrade-deal-now-v4-lite',NULL,NULL,0,'2023-11-04 00:35:22','2023-12-01 04:53:04'),(6996,'65581a3d49257','[New] See the Index Status of Your URLs Inside WordPress with AIOSEO 4.5.0 🕵🏻','<img src=\"data:image/png;base64,[encoded data, 11596 characters]\" />\r\n\r\nEver wanted an easy way to know if your URLs have been indexed? Now you can with AIOSEO’s new <strong>Index Status feature</strong> in version 4.5.0.\r\n<br><br>\r\nYou can check your URL’s index status and other important URL information from <strong>right inside your WordPress dashboard</strong>.\r\n<br><br>\r\nUpdate now and get this game-changing addition in AIOSEO 4.5.0!','success','[\"4-x\",\"lite\"]',958,NULL,'2023-11-25 04:17:13',NULL,'Learn More','https://aioseo.com/new-index-status-enhance-your-seo-visibility-by-ensuring-all-your-urls-are-indexed/?utm_source=WordPress&utm_campaign=index-status-v4-lite&utm_medium=plugin-notification&utm_content=Get%20AIOSEO%20Pro','Get AIOSEO Pro','https://aioseo.com/lite-upgrade/?utm_source=WordPress&utm_campaign=index-status-v4-lite&utm_medium=plugin-notification&utm_content=Get%20AIOSEO%20Pro',0,'2023-11-18 01:58:21','2023-12-06 05:27:26'),(7274,'657aa6a57415f','Introducing Support For Additional Page Builders: WPBakery and Avada 🎉','<img src=\"data:image/webp;base64,[encoded data, 15536 characters]\" alt=\"\" class=\"wp-image-1019\" style=\"object-fit:cover\"/>\n\n<p>If your website is built using WPBakery or Avada, then you’ll be happy to know that <strong>AIOSEO 4.5.2</strong> was developed with love just for you! ❤️</p>\n\n<p>Now, you can use AIOSEO right inside your favorite website builder, making it easy to perform SEO tasks as you work on your posts or pages.</p>\n\n<p>Update AIOSEO to 4.5.2 and give your page builder that much-needed SEO superpower. 🦸🏼‍♀️</p>','success','[\"4-x\",\"lite\"]',1010,NULL,'2023-12-13 14:43:22',NULL,'Learn More','https://aioseo.com/introducing-aioseo-support-for-additional-pagebuilders-wpbakery-and-avada/?utm_source=WordPress&utm_medium=plugin-notification&utm_campaign=aioseo-plugin-notification','Get AIOSEO Pro','https://aioseo.com/lite-upgrade/?utm_source=WordPress&utm_medium=plugin-notification&utm_campaign=aioseo-plugin-notification',0,'2023-12-14 06:54:29','2024-09-11 11:43:09'),(7523,'65a7b07d8b54f','[New] Boost Your Rankings with Our Author SEO (Google E-E-A-T) Addon ✍️','<p>We’re excited to announce our latest SEO module in AIOSEO 4.5.4 — the Author SEO addon 🥳.</p>\n\n<p>This is a simple yet powerful module that enables you to demonstrate your expertise, experience, authority, and trustworthiness <strong>(E-E-A-T)</strong> to search engines and users.</p>\n\n<p>As a result, you’ll get <strong><em>better rankings</em></strong>, <strong><em>increase your traffic</em></strong>, and <strong><em>boost your conversions</em></strong>.</p>\n\n<p>So, go ahead and <strong><em>update to 4.5.4</em></strong> and give your site that much-needed boost.</p>','success','[\"4-x\",\"lite\"]',1030,NULL,'2024-01-16 19:39:13',NULL,'Learn More','https://aioseo.com/introducing-author-seo-google-e-e-a-t-addon/?utm_source=WordPress&utm_medium=plugin-notification&utm_campaign=author-seo-eeat-v4-x-lite','Get AIOSEO Pro','https://aioseo.com/lite-upgrade/?utm_source=WordPress&utm_medium=plugin-notification&utm_campaign=author-seo-eeat-v4-x-lite',0,'2024-01-17 10:48:29','2024-09-11 11:43:09'),(7622,'65b4eb8b170bd','Winter Sale 2024 ❄️ Get Up to 70% Off AIOSEO!!!','<img src=\"data:image/webp;base64,[encoded data, 19092 characters]\" alt=\"\" class=\"wp-image-1039\"/>\n\n<p>Our Winter Sale is On 🥳. This is your chance to boost your SEO and save up to 70% on AIOSEO!&nbsp;</p>\n\n<p>Whether it’s a new purchase or an upgrade, you’ll unlock 🔓 <strong>POWERFUL FEATURES</strong> that will help you take your SEO game to the next level.</p>\n\n<p>Start the year off with a bang and save big!</p>','success','[\"4-x\",\"lite\"]',1035,NULL,'2024-01-26 18:20:28','2024-02-02 00:00:00','Get AIOSEO Pro','https://aioseo.com/lite-upgrade/?utm_source=WordPress&utm_medium=plugin-notification&utm_campaign=winter-sale-v4-x-lite',NULL,NULL,0,'2024-01-27 11:39:55','2024-02-01 11:55:57'),(7764,'65cb8352b5712','[NEW] Updated SEO Preview, Redirection Manager, Author SEO, and More','<p>AIOSEO 4.5.6 is live, implementing many of your suggestions! 🥳</p>\n\n<p>🔎 Improved SEO Preview - To better match Google SERPs.<br>📆 Redirect Scheduler - Schedule seasonal redirects easily.<br>📂 Import Redirects from a CSV File - Add redirects in bulk.<br>🖋️ Improved Author SEO - Improvements to the E-E-A-T addon.</p>\n\n<p>AIOSEO 4.5.6 comes packed with many other improvements to the modules you already love.&nbsp;</p>\n\n<p>Update your plugin to version 4.5.6 NOW!</p>','success','[\"4-x\",\"lite\"]',1042,NULL,'2024-02-12 22:15:51',NULL,'Learn More','https://aioseo.com/new-updated-seo-preview-redirection-manager-author-seo/?utm_source=WordPress&utm_medium=plugin-notification&utm_campaign=aioseo-456-v4-x-lite','Get AIOSEO Pro','https://aioseo.com/lite-upgrade/?utm_source=WordPress&utm_medium=plugin-notification&utm_campaign=aioseo-456-v4-x-lite',0,'2024-02-13 14:57:22','2024-09-11 11:43:09'),(7765,'65cb8352b6b41','Be Our Valentine and Get Up To 70% Off! 💝','<img src=\"data:image/webp;base64,[encoded data, 6644 characters]\" alt=\"\" class=\"wp-image-1053\"/>\n\n<p>It’s Valentine’s Day, and love is in the air! ❤️</p>\n\n<p>Get up to <strong><em>70% off</em></strong> when you upgrade your plan TODAY ONLY!</p>\n\n<p>So, take advantage of our Valentine’s Day sale and get more power under your site’s hood TODAY!</p>','success','[\"4-x\",\"lite\"]',1049,NULL,'2024-02-14 00:00:00','2024-02-16 00:00:00','Get AIOSEO Pro','https://aioseo.com/lite-upgrade/?utm_source=WordPress&utm_medium=plugin-notification&utm_campaign=valentines-2024-v4-x-lite',NULL,NULL,0,'2024-02-13 14:57:22','2024-02-15 15:07:28'),(7994,'65f5fc49b9a77','🍀 Flash Sale: Get Up To 70% Off AIOSEO This St. Patrick\'s Day! 🍀','<p><strong><em>Happy St. Patrick\'s Day!</em></strong> Today\'s your lucky day because we\'re celebrating with a flash sale that\'s too good to miss.</p>\n\n<p>Score <strong><em>up to 70% off</em></strong> when you upgrade your plan <strong>TODAY ONLY</strong>!</p>\n\n<p>With this deal, there\'s no need to chase down a leprechaun to find that pot of gold. 🍯 But hurry, like a rainbow, it will disappear before you know it!</p>','success','[\"4-x\",\"lite\"]',1061,NULL,'2024-03-17 00:00:00','2024-03-19 00:00:00','Get AIOSEO Pro','https://aioseo.com/lite-upgrade/?utm_source=WordPress&utm_medium=plugin-notification&utm_campaign=st-patricks-day-sale-v4-x-lite',NULL,NULL,0,'2024-03-16 20:08:41','2024-03-18 21:02:36'),(8011,'65fa0c23469d6','📣 [New] Query Arg Monitoring for Improved Crawling and Indexing','<p>We’ve revamped the Crawl Cleanup module and added a <strong><em>NEW</em></strong> <strong>Query Arg Monitor</strong>. This game-changing feature gives you greater control of your query args, resulting in more efficient crawling and indexing.</p>\n\n<p>AIOSEO 4.5.8 comes packed with many other improvements to the modules you already love.&nbsp;</p>\n\n<p>Update your plugin to version 4.5.8 NOW!</p>','success','[\"4-x\",\"lite\"]',1058,NULL,'2024-03-19 19:37:40',NULL,'Learn More','https://aioseo.com/new-query-arg-monitoring-for-improved-crawling-and-indexing/?utm_source=WordPress&utm_medium=plugin-notification&utm_campaign=aioseo-458-v4-x-lite','Get AIOSEO Pro','https://aioseo.com/lite-upgrade/?utm_source=WordPress&utm_medium=plugin-notification&utm_campaign=aioseo-458-v4-x-lite',0,'2024-03-19 22:05:23','2024-09-11 11:43:09'),(8382,'66174eb2127a2','The AIOSEO Broken Link Checker 1.2.0 is live ?!','<p>Now with 3 powerful new features to make broken link management much easier. Update and get:</p>\n\n<ul class=\"wp-block-list\">\n<li>? Unified URL UI Improvements</li>\n\n<li>✍️ Broken Links Highlighter</li>\n\n<li>⏪ AIOSEO Redirects Integration</li>\n</ul>\n\n<p>Check out our announcement post for more and upgrade today!</p>','success','[\"4-x\",\"lite\"]',1069,NULL,'2024-04-10 19:13:10',NULL,'Learn More','https://aioseo.com/easier-broken-link-management-with-3-new-features/?utm_source=WordPress&utm_medium=plugin-notification&utm_campaign=aioseo-460-blc-120-v4-x-lite','Get Broken Link Checker','https://aioseo.com/pricing-broken-link-checker/?utm_source=WordPress&utm_medium=plugin-notification&utm_campaign=aioseo-460-blc-120-v4-x-lite',0,'2024-04-11 02:45:06','2024-12-20 07:10:34'),(8483,'662736aa168a3','🌸 Get up to 70% off AIOSEO this Spring! 🌸','<p>Take advantage of our <strong><em>spring sale</em></strong> for AIOSEO Pro. <strong><em>Up to 70% off</em></strong> 🤯</p>\n\n<p>Amplify your online presence with advanced features that will transform your site into a dynamic, high-performing powerhouse, at a fraction of the cost!</p>\n\n<p>These massive discounts won\'t last long, so act now!</p>','success','[\"4-x\",\"lite\"]',1074,NULL,'2024-04-22 20:24:47','2024-04-26 00:00:00','Get AIOSEO Pro','https://aioseo.com/lite-upgrade/?utm_source=WordPress&utm_medium=plugin-notification&utm_campaign=spring-sale-v4-x-lite',NULL,NULL,0,'2024-04-23 04:18:50','2024-04-25 04:28:17'),(8673,'66445cf480ab7','[NEW] Easier Site Connection to Google Search Console and Automatic Sitemap Syncing ?','<p>AIOSEO 4.6.2 is live ?!</p>\n\n<p>We’ve made it super easy to connect your site to <strong>Google Search Console</strong> — so simple that you don’t even need to mess with verification codes!</p>\n\n<p>We’ve also made sitemap management easy! Your sitemaps can now <strong><em>automatically sync with GSC</em></strong>. This means we\'ll make sure that Google knows about all the necessary sitemaps automatically!</p>\n\n<p>Check out our announcement post for more. ????</p>','success','[\"4-x\",\"lite\"]',1080,NULL,'2024-05-14 12:43:31',NULL,'Learn More','https://aioseo.com/easier-site-connection-to-google-search-console/?utm_source=WordPress&utm_medium=plugin-notification&utm_campaign=aioseo-462-v4-x-lite','Get AIOSEO Pro','https://aioseo.com/lite-upgrade/?utm_source=WordPress&utm_medium=plugin-notification&utm_campaign=aioseo-462-v4-x-lite',0,'2024-05-15 06:57:56','2024-12-20 07:10:34'),(8827,'665597cdc8500','🇺🇸 Memorial Day Exclusive: Get up to 70% Off on New Plans or Upgrades! 🇺🇸','<p>t’s Finally here 🎉</p>\n\n<p>Memorial Day—the unofficial beginning of summer.</p>\n\n<p>We’re offering <strong><em>up to 70% off</em></strong> new purchases or upgrades to celebrate.</p>\n\n<p>This is a limited-time deal, so <strong>grab your savings TODAY!</strong></p>','success','[\"4-x\",\"lite\"]',1083,NULL,'2024-05-27 17:12:32','2024-05-29 00:00:00','Get AIOSEO Pro','https://aioseo.com/lite-upgrade/?utm_source=WordPress&utm_medium=plugin-notification&utm_campaign=memorial-day-sale-v4-x-lite',NULL,NULL,0,'2024-05-28 08:37:33','2024-05-28 08:37:33'),(9205,'667ac7ee9558e','Have you heard? AIOSEO Acquires LowFruits to Boost Your SEO Power! ?','<p>We are thrilled to announce that AIOSEO has acquired LowFruits, a leading keyword research tool! ? This exciting partnership means even more advanced SEO capabilities are coming your way.</p>\n\n<p>Get ready to elevate your SEO game with the combined power of AIOSEO and LowFruits!</p>','success','[\"4-x\",\"lite\"]',1089,NULL,'2024-07-01 00:00:00',NULL,'Read the Announcement','https://aioseo.com/aioseo-acquires-lowfruits/?utm_source=WordPress&utm_medium=plugin-notification&utm_campaign=aioseo-lowfruits-v4-x-lite','Get AIOSEO Pro','https://aioseo.com/lite-upgrade/?utm_source=WordPress&utm_medium=plugin-notification&utm_campaign=aioseo-lowfruits-v4-x-lite',0,'2024-06-25 13:36:46','2025-04-28 22:28:03'),(9206,'667ac7ee96142','Celebrate AIOSEO\'s 17th Birthday with Up to 70% Off! 🎉','<p>Your favorite WordPress SEO plugin, AIOSEO, has just turned 17 <strong>🥳</strong>! And to celebrate, we’re offering you massive discounts on new plans and upgrades.&nbsp;</p>\n\n<p>This means you can <strong>save up to 70%</strong> and get advanced SEO features when you purchase TODAY!</p>\n\n<p>Now that’s a sweet deal!</p>','success','[\"4-x\",\"lite\"]',1086,NULL,'2024-06-24 19:39:24','2024-06-30 00:00:00','Get AIOSEO Pro','https://aioseo.com/lite-upgrade/?utm_source=WordPress&utm_medium=plugin-notification&utm_campaign=2024-birthday-sale-v4-x-lite',NULL,NULL,0,'2024-06-25 13:36:46','2024-06-29 14:16:57'),(9436,'668d61213ce5d','🗣️ [New] Integration with Thrive Architect and SiteOrigin Page Builders in AIOSEO 4.6.6','<p>Is your website built using Thrive Architect or SiteOrigin?</p>\n\n<p>Then you’ll be glad to know that AIOSEO 4.6.6 was developed with love just for you!&nbsp;</p>\n\n<p>Now, you can use AIOSEO right inside your favorite site builder, making it easy to perform SEO tasks as you work on your posts or pages.</p>\n\n<p>So, go ahead and update to 4.6.6 and give your page builder that much-needed SEO superpower.</p>','success','[\"4-x\",\"lite\"]',1092,NULL,'2024-07-09 15:11:31',NULL,'Learn More','https://aioseo.com/new-support-for-thrive-architect-and-siteorigin-page-builders/?utm_source=WordPress&utm_medium=plugin-notification&utm_campaign=aioseo-466-v4-x-lite','Get AIOSEO Pro','https://aioseo.com/lite-upgrade/?utm_source=WordPress&utm_medium=plugin-notification&utm_campaign=aioseo-466-v4-x-lite',0,'2024-07-09 16:11:13','2024-09-11 11:43:09'),(9622,'66a93ec17eeee','Summer Sale 2024 🌞! Get Up to 70% Off AIOSEO 🥳 ','<img src=\"data:image/webp;base64,[encoded data, 6940 characters]\" alt=\"\" class=\"wp-image-1116\" />\n\n<p>Our Summer Sale is on 🥳. This is your chance to boost your SEO and <strong>save up to 70% on AIOSEO</strong>!&nbsp;</p>\n\n<p>Whether it’s a new purchase or an upgrade, you’ll unlock 🔓 POWERFUL FEATURES that will help you take your SEO game to the next level.</p>\n\n<p>Upgrade today before these discounts expire! ⏰</p>','success','[\"4-x\",\"lite\"]',1114,NULL,'2024-08-02 00:00:00','2024-08-09 00:00:00','Get AIOSEO Pro','https://aioseo.com/lite-upgrade/?utm_source=WordPress&utm_medium=plugin-notification&utm_campaign=summer-sale-v4-x-lite',NULL,NULL,0,'2024-07-30 19:28:01','2024-08-08 20:54:15'),(9731,'66bc5e091cc58','[NEW] Powerful New Schema Types and Updates ? ?  ','<p>AIOSEO 4.6.8 is here ?</p>\n\n<p>And it’s packed with powerful new schema types to boost your content visibility:</p>\n\n<ol class=\"wp-block-list\">\n<li>Course Info Schema</li>\n\n<li>Product Review Schema</li>\n\n<li>Car (Vehicle Listing) Schema</li>\n\n<li>Table of Contents Schema</li>\n\n<li>Expanded Organization Schema</li>\n</ol>\n\n<p>We\'ve also enhanced schema visualization and updated existing schema types to match Google\'s latest guidelines.</p>\n\n<p>Ready to dominate SERPs?&nbsp;</p>\n\n<p>Update to AIOSEO 4.6.8 now and unlock these amazing features!</p>','success','[\"4-x\",\"lite\"]',1126,NULL,'2024-08-13 00:00:00',NULL,'Learn More','https://aioseo.com/announcing-aioseo-4-6-8-powerful-new-schema-types-and-updates?utm_source=WordPress&utm_medium=plugin-notification&utm_campaign=468-v4-x-lite','Get AIOSEO Pro','https://aioseo.com/lite-upgrade/?utm_source=WordPress&utm_medium=plugin-notification&utm_campaign=468-v4-x-lite',0,'2024-08-14 07:34:33','2025-04-28 22:28:03'),(9861,'66ce3f6029f12','Great Savings This Labor Day! Get Up to 70% OFF 💰🤩','<img src=\"data:image/webp;base64,[encoded data, 5484 characters]\" alt=\"\" class=\"wp-image-1144\" />\n\n<p>Our Labor Day Sale is on 🥳. </p>\n\n<p>We honor the hard work you put into your site and want to help make it easier. That’s why we’re offering you a chance to unlock more SEO features by offering <strong>up to 70% off new plans and upgrades</strong>! 🥳</p>\n\n<p>Take your SEO game to the next level by working smarter, not harder—all thanks to AIOSEO, the world’s best WordPress SEO plugin.</p>\n\n<p>Upgrade today before these discounts expire! ⏳</p>','success','[\"4-x\",\"lite\"]',1138,NULL,'2024-09-02 00:00:00','2024-09-04 00:00:00','Get AIOSEO Pro','https://aioseo.com/lite-upgrade/?utm_source=WordPress&utm_medium=plugin-notification&utm_campaign=labor-day-sale-v4-x-lite',NULL,NULL,0,'2024-08-27 21:04:32','2024-09-03 19:23:32'),(10062,'66e2dec9596ad','[New] Keyword Rank Tracker: Track Your SEO Performance with Ease ?','<p>Drumroll, please! AIOSEO 4.7.0 has arrived with a super-awaited feature: the <strong>Keyword Rank Tracker</strong> ?</p>\n\n<p>Now, you can finally track your keyword performance with ease, right from your WordPress dashboard. No more guessing games!</p>\n\n<p>Key features:</p>\n\n<p>✅ Track up to 100 keywords<br>✅ Group keywords for better organization<br>✅ Seamless integration with post-meta box</p>\n\n<p>Get ready to dominate SERPs!</p>\n\n<p><strong>Update to AIOSEO 4.7.0 now and unlock this SEO powerhouse.</strong></p>','success','[\"4-x\",\"lite\"]',1148,NULL,'2024-09-10 00:00:00',NULL,'Learn More','https://aioseo.com/new-track-your-keywords-effortlessly-in-wordpress-with-aioseo-4-7-0/?utm_source=WordPress&utm_medium=plugin-notification&utm_campaign=aioseo-470-v4-x-lite','Get AIOSEO Pro','https://aioseo.com/lite-upgrade/?utm_source=WordPress&utm_medium=plugin-notification&utm_campaign=aioseo-470-v4-x-lite',0,'2024-09-12 12:30:01','2025-06-16 19:01:43'),(10258,'6704ed9c19f7b','[New] SEO Email Reports and Bulk CSV Imports/Exports to Enhance SEO Management','<p>🚀 New Feature Alert! </p>\n\n<p>AIOSEO 4.7.2 just dropped with two killer features - </p>\n\n<ol class=\"wp-block-list\">\n<li><strong>SEO Email Reports</strong><br>👋 Say goodbye to manual SEO performance tracking and hello to laser-focused insights delivered straight to your inbox! 📥</li>\n\n<li><strong>Bulk CSV Import/Export</strong><br>⚡️The new Bulk CSV tool lets you manage settings across your entire site in a snap. 🔄 Export, edit, and import easily – it\'s like having an SEO superpower at your fingertips! 💪</li>\n</ol>\n\n<p>Update to AIOSEO 4.7.2 now and unlock these game-changing features!</p>\n\n<p></p>','success','[\"4-x\",\"lite\"]',1156,NULL,'2024-10-08 00:00:00',NULL,'Learn More','https://aioseo.com/new-seo-email-reports-and-bulk-csv-imports/?utm_source=WordPress&utm_medium=plugin-notification&utm_campaign=472-v4-x-lite','Get AIOSEO Pro','https://aioseo.com/lite-upgrade/?utm_source=WordPress&utm_medium=plugin-notification&utm_campaign=472-v4-x-lite',0,'2024-10-08 08:30:20','2025-06-16 19:01:43'),(10413,'6744bf2b025d1','It’s Black Friday! Get Up to 70% OFF 💰','<img src=\"data:image/webp;base64,[encoded data, 58112 characters]\" alt=\"\" class=\"wp-image-1177\" />\n\n<p>It\'s the perfect time to supercharge your website\'s SEO. 🔋</p>\n\n<p><strong>Get up to 70% OFF</strong> on all new purchases and upgrades of AIOSEO. That\'s right, you can save BIG on the ultimate SEO solution.</p>\n\n<p>🤩 What\'s in it for you?</p>\n\n<ul class=\"wp-block-list\">\n<li><strong>Dominate Search Results:</strong> Boost your website\'s visibility and attract more organic traffic.</li>\n\n<li><strong>Skyrocket Your Rankings:</strong> Climb higher on Google and other search engines.</li>\n\n<li><strong>Effortless SEO:</strong> Simplify your SEO tasks with AI-powered tools.</li>\n\n<li><strong>Expert Support:</strong> Get 24/7 support from our SEO experts.</li>\n</ul>\n\n<p>Don\'t miss this golden opportunity! Upgrade your plan or purchase a new license today. </p>\n\n<p>This Black Friday Sale is your golden ticket to level up your SEO and crush search rankings! 🖤</p>','success','[\"4-x\",\"lite\"]',1176,NULL,'2024-11-25 00:00:00','2024-12-02 00:00:00','Get AIOSEO Pro','https://aioseo.com/lite-upgrade/?utm_source=WordPress&utm_medium=plugin-notification&utm_campaign=black-friday-24-v4-x-lite',NULL,NULL,0,'2024-11-25 18:17:15','2024-12-01 15:13:07'),(10293,'6719080fdcfc7','Fall Sale 2024 🍁 Get Up to 70% Off AIOSEO!','<p>🍂 Our <strong>Fall Sale is here</strong>—and it’s your golden opportunity to supercharge your SEO!&nbsp;</p>\n\n<p>For a limited time, you can get <strong>up to 70% off</strong> on AIOSEO when you get a new plan or upgrade your current one.</p>\n\n<p>Unlock <strong>POWERFUL FEATURES</strong> that elevate your SEO game and enhance your site’s performance. 🚀</p>','success','[\"4-x\",\"lite\"]',1159,NULL,'2024-10-25 00:00:00','2024-11-01 00:00:00','Get AIOSEO Pro','https://aioseo.com/lite-upgrade/?utm_source=WordPress&utm_medium=plugin-notification&utm_campaign=silent-fall-sale-v4-x-lite',NULL,NULL,0,'2024-10-23 14:28:31','2024-10-31 16:25:19'),(10359,'672bd4327d8ee','[New] Meet Your New Writing Assistant ✍️!','<p>🚀 New Feature Alert!&nbsp;</p>\n\n<p>We\'re thrilled to announce the release of our groundbreaking feature —<strong>Writing Assistant</strong>, powered by AIOSEO and SEOBoost 🥳</p>\n\n<p><strong>The Writing Assistant is your new personal guide to crafting SEO-friendly content right inside WordPress! 📝 </strong></p>\n\n<p>No more guesswork—just optimized content that ranks.</p>\n\n<p>Update to AIOSEO 4.7.4 now and unlock this revolutionary superpower!</p>','success','[\"4-x\",\"lite\"]',1166,NULL,'2024-11-05 00:00:00',NULL,'Learn More','https://aioseo.com/new-revolutionize-your-content-creation-with-aioseos-writing-assistant/?utm_source=WordPress&utm_medium=plugin-notification&utm_campaign=474-v4-x-lite','Get AIOSEO Pro','https://aioseo.com/lite-upgrade/?utm_source=WordPress&utm_medium=plugin-notification&utm_campaign=474-v4-x-lite',0,'2024-11-06 20:40:18','2025-06-16 19:01:43'),(10431,'674af3fc927e6','Cyber Monday Madness (Up To 70% Off AIOSEO) 🤩','<img src=\"data:image/webp;base64,[encoded data, 26060 characters]\" alt=\"\" class=\"wp-image-1185\" />\n\n<p><strong>Cyber Monday is here!</strong> The deals are still hot! 🔥</p>\n\n<p><strong>Save up to 70%</strong> on AIOSEO. It\'s the perfect time to level up your SEO game.</p>\n\n<p><strong>Why choose AIOSEO?</strong></p>\n\n<ul class=\"wp-block-list\">\n<li><strong>Easy-to-use:</strong> No technical expertise required.</li>\n\n<li><strong>Powerful features:</strong> Advanced SEO tools at your fingertips.</li>\n\n<li><strong>Expert support:</strong> Get help from our SEO pros.</li>\n</ul>\n\n<p><strong>Don\'t miss out!</strong> Upgrade your plan or purchase a new license today.</p>','success','[\"4-x\",\"lite\"]',1184,NULL,'2024-12-02 00:00:00','2024-12-06 00:00:00','Get AIOSEO Pro','https://aioseo.com/lite-upgrade/?utm_source=WordPress&utm_medium=plugin-notification&utm_campaign=black-friday-24-v4-x-lite',NULL,NULL,0,'2024-11-30 11:16:12','2024-12-04 21:43:55'),(10471,'6758a9d566404','BuddyPress, Web Stories, and Enhanced Author SEO — An All in One Update! 🚀!','<p>We just released AIOSEO 4.7.6 and it’s loaded with some exciting updates!</p>\n\n<p>The top ones include:<br><br>🤩 <strong>BuddyPress Integration:</strong> Fully optimize SEO settings for BuddyPress content types, including user profiles, activity streams, and more.<br>🤩 <strong>Google Web Stories Integration:</strong> Take full control of your SEO settings for Web Stories, resulting in more eyeballs on your content.<br>🤩 <strong>Author SEO Improvements:</strong> Effortlessly showcase Google\'s E-E-A-T guidelines and boost your site\'s credibility.</p>\n\n<p>Update to AIOSEO 4.7.6 now and take your SEO to another level 💪🏼</p>','success','[\"4-x\",\"lite\"]',1192,NULL,'2024-12-12 00:00:00',NULL,'Learn More','https://aioseo.com/new-aioseo-4-7-6-buddypress-web-stories-integration-author-seo-improvements?utm_source=WordPress&utm_medium=plugin-notification&utm_campaign=476-v4-x-lite','Get AIOSEO Pro','https://aioseo.com/lite-upgrade/?utm_source=WordPress&utm_medium=plugin-notification&utm_campaign=476-v4-x-lite',0,'2024-12-10 20:51:33','2025-06-16 19:01:43'),(10599,'678e6771da7bf','❄️ Winter Sale is Here! AIOSEO Up to 70% Off ☃️','<img src=\"data:image/webp;base64,[encoded data, 8952 characters]\" alt=\"\" class=\"wp-image-1207\"/>\n\n<p>⛷️ Winter Savings Alert!&nbsp;</p>\n\n<p>Save up to 70% on AIOSEO and give your site the SEO boost it deserves!&nbsp;</p>\n\n<p>Need a new plan, or thinking of upgrading?&nbsp;</p>\n\n<p>🔓 Unlock powerful pro-level features and dominate search results! Don’t miss out—start the year right—save BIG!</p>\n\n<p></p>','success','[\"4-x\",\"lite\"]',1201,NULL,'2025-01-20 00:00:00','2025-01-27 00:00:00','Get AIOSEO Pro','https://aioseo.com/lite-upgrade/?utm_source=WordPress&utm_medium=plugin-notification&utm_campaign=winter-sale-25-v4-x-lite',NULL,NULL,0,'2025-01-20 15:10:41','2025-01-25 03:12:27'),(10645,'679a9a2fa2dea','[New] Smarter Keyword Rank Tracking &amp; WooCommerce SEO Made Easy!🤩','<p>We just released AIOSEO 4.7.8 and it’s loaded with some exciting updates!</p>\n\n<p>The top ones include:</p>\n\n<p>👉🏼 <strong>Smarter Keyword Rank Tracker</strong>: Our Keyword Rank Tracker just got some massive upgrades you don’t want to miss. Now you can get related keywords, import keywords from GSC and more.</p>\n\n<p>👉🏼 <strong>Support for WooCommerce Product Attributes</strong>: Setting product attributes in WordPress just got way easier. Plus, you can also export product attributes! </p>\n\n<p>Update to AIOSEO 4.7.8 now and take your SEO to another level.</p>','success','[\"4-x\",\"lite\"]',1213,NULL,'2025-01-28 00:00:00',NULL,'Learn More','https://aioseo.com/smarter-keyword-rank-tracking-woocommerce-seo-made-easy/?utm_source=WordPress&utm_medium=plugin-notification&utm_campaign=478-v4-x-lite','Get AIOSEO Pro','https://aioseo.com/lite-upgrade/?utm_source=WordPress&utm_medium=plugin-notification&utm_campaign=478-v4-x-lite',0,'2025-01-29 21:14:23','2025-06-16 19:01:43'),(11009,'681ae25d07540','Spring Sale 2025! Get Up to 70% Off AIOSEO','<img src=\"data:image/webp;base64,[encoded data, 10796 characters]\" alt=\"\" class=\"wp-image-1240\"/>\n\n<p>Save up to 70% OFF on AIOSEO &amp; give your website a vibrant boost this spring!&nbsp;</p>\n\n<p>Ready for new growth? Whether you need a fresh plan or a powerful upgrade...</p>\n\n<p>🔓 Unlock pro-level features and cultivate top search rankings! Don\'t let this season of savings pass you by!</p>','success','[\"4-x\",\"lite\"]',1239,NULL,'2025-05-01 00:00:00','2025-05-08 00:00:00','Get AIOSEO Pro','https://aioseo.com/lite-upgrade/?utm_source=WordPress&utm_medium=plugin-notification&utm_campaign=spring-sale-2025-v4-x-lite',NULL,NULL,0,'2025-05-07 04:32:29','2025-05-07 04:32:29'),(10817,'67d088ad8d5ae','[New] Supercharged Crawl Cleanup and Query Arg Monitoring! 🚀','<p>Is your WordPress site slowing down? Or are AI bots scraping your content? 🧐</p>\n\n<p><strong>AIOSEO 4.8.0 puts you in control with</strong>:<br>🧹 <strong>Supercharged Crawl Cleanup</strong> – Stop search engines from indexing unnecessary URLs.<br>📊 <strong>Advanced Query Monitoring</strong> – Optimize UTM parameters automatically.<br>🛡️ <strong>Bot Control</strong> – Block unauthorized AI crawlers.<br>🔍 <strong>Internal Search Optimization</strong> – Prevent spam &amp; boost performance.<br><br>🔥 Keep your site fast, secure, and SEO-friendly. Update now! 🚀</p>','success','[\"4-x\",\"lite\"]',1222,NULL,'2025-03-11 00:00:00',NULL,'Learn More','https://aioseo.com/introducing-aioseo-4-8-0-advanced-crawl-features/?utm_source=WordPress&utm_medium=plugin-notification&utm_campaign=480-v4-x-lite','Get AIOSEO Pro','https://aioseo.com/lite-upgrade/?utm_source=WordPress&utm_medium=plugin-notification&utm_campaign=480-v4-x-lite',0,'2025-03-11 19:02:05','2025-06-16 19:01:43'),(11088,'68392c44c139e','[New] Get Indexing Data Right Inside WordPress!','<p>Worried Google\'s not seeing your amazing WordPress content? 🤔&nbsp;</p>\n\n<p>AIOSEO 4.8.2 introduces the <strong>Index Status Report</strong>, giving you crystal-clear visibility into what <strong>Google\'s indexing</strong> (and what it\'s missing!). <strong>Uncover hidden indexing issues</strong>, see post-level details, and track your rich results—all within your familiar WordPress dashboard.&nbsp;</p>\n\n<p>Stop losing traffic and ensure your hard work gets seen.&nbsp;</p>\n\n<p>Update to AIOSEO 4.8.2 today and take control of your website’s visibility! 🚀</p>','success','[\"4-x\",\"lite\"]',1249,NULL,'2025-05-22 15:19:11',NULL,'Learn More','https://aioseo.com/introducing-index-status-report/?utm_source=WordPress&utm_medium=plugin-notification&utm_campaign=aioseo-482-v4-x-lite','Get AIOSEO Pro','https://aioseo.com/lite-upgrade/?utm_source=WordPress&utm_medium=plugin-notification&utm_campaign=aioseo-482-v4-x-lite',0,'2025-05-30 03:55:48','2025-06-16 19:01:43'),(11134,'685162bee226a','Deprecated Filters Detected','Warning: AIOSEO has detected the use of filters that have been deprecated on your site. These filters may be in use by another plugin or your theme. If that is the case, these filters most likely will not work with this plugin. Please make sure you have updated all your plugins. If you have manually added these filters, please <a target=\\\"_blank\\\" href=\\\"https://aioseo.com/docs/aioseo-filter-hooks/?utm_source=WordPress&#038;utm_campaign=liteplugin&#038;utm_medium=deprecated-filters-notice\\\">check out our documentation</a> for the updated filters to use.<ul><li><strong>aiosp_sitemap_prio_item_filter</strong></li></ul>','warning','[\\\"all\\\"]',NULL,'deprecated-filters-v2','2025-06-17 12:42:38',NULL,'Remind Me Later','http://action#notification/deprecated-filters-reminder',NULL,NULL,0,'2025-06-17 12:42:38','2025-06-17 15:51:22');

--
